{"id":1403,"date":"2024-02-21T22:00:50","date_gmt":"2024-02-21T22:00:50","guid":{"rendered":"https:\/\/miradyved.ihermandad.es\/?page_id=1403"},"modified":"2024-02-21T22:04:58","modified_gmt":"2024-02-21T22:04:58","slug":"la-saeta-flamenca","status":"publish","type":"page","link":"https:\/\/miradyved.org\/index.php\/la-saeta-flamenca\/","title":{"rendered":"LA SAETA FLAMENCA"},"content":{"rendered":"\t\t<div data-elementor-type=\"wp-page\" data-elementor-id=\"1403\" class=\"elementor elementor-1403\" data-elementor-post-type=\"page\">\n\t\t\t\t<div class=\"elementor-element elementor-element-fdd3c0e e-flex e-con-boxed e-con e-parent\" data-id=\"fdd3c0e\" data-element_type=\"container\" data-e-type=\"container\">\n\t\t\t\t\t<div class=\"e-con-inner\">\n\t\t\t\t<div class=\"elementor-element elementor-element-c2ab862 elementor-widget elementor-widget-text-editor\" data-id=\"c2ab862\" data-element_type=\"widget\" data-e-type=\"widget\" data-widget_type=\"text-editor.default\">\n\t\t\t\t<div class=\"elementor-widget-container\">\n\t\t\t\t\t\t\t\t\t<p>Desconocemos su origen y aunque podr\u00edamos decir que proviene de los cantos cristianos no podemos descartar una descendencia jud\u00eda o \u00e1rabe.<\/p><p>Podr\u00edamos denominar a este cante como copla cantada en semana santa para expresar el sentir del pueblo. Se interpreta al paso de las procesiones y se entonan desde el balc\u00f3n o la calle cuando las im\u00e1genes se acercan al Cantaor. Su interpretaci\u00f3n es generalmente improvisada y sin acompa\u00f1amiento con una melod\u00eda de ejecuci\u00f3n libre, llena de lirismo y de influencia \u00e1rabe. Exigen conocer el estilo del cante jondo propio de la tradici\u00f3n musical del flamenco.<\/p><p>Las primeras saetas flamencas las podemos situar hacia el a\u00f1o 1880 aproximadamente, coincidiendo con la aparici\u00f3n de los primeros cantaores considerados como flamencos aparecidos en C\u00e1diz, Jerez y Sevilla. Llega al mundo del flamenco a trav\u00e9s de la Siguriya y de las Ton\u00e1s, as\u00ed como de todos los estilos que se derivan de estos cantes.<\/p><p>A Manuel Centeno se le considera como el creador de la Saeta flamenca, tambi\u00e9n se piensa que uno de los primeros int\u00e9rpretes fuese Enrique el Mellizo. A lo largo de la historia han existido numerosos cantaores flamencos que han destacado notablemente en el cante por saetas. Es mi intenci\u00f3n rendir homenaje a algunos de los m\u00e1s importantes dando a conocer sus datos biogr\u00e1ficos mas destacados.<\/p><p>\u00a0<\/p><p><strong><img decoding=\"async\" class=\"size-full wp-image-1406 alignleft\" src=\"https:\/\/miradyved.ihermandad.es\/wp-content\/uploads\/2024\/02\/0155.webp\" alt=\"\" width=\"200\" height=\"247\" \/>MANUEL CENTENO.<\/strong>\u00a0Nombre art\u00edstico de Manuel Jim\u00e9nez Centeno. Sevilla, 1885-Cartagena (Murcia), 1961. Cantaor, matador de novillos, actor y tenor de zarzuela. De 1907 a 1912 estuvo dedicado al toreo, afici\u00f3n que sinti\u00f3 por influencia familiar. Abandon\u00f3 la profesi\u00f3n taurina tras recibir dos cornadas, una de ellas en Sevilla, dedic\u00e1ndose, seg\u00fan \u00e9l por necesidad perentoria de ganarse la vida de alguna manera, al cante flamenco, interviniendo en fiestas y reuniones de cabales.<\/p><p>Al destacar por saetas, a partir de 1922, se convirti\u00f3 en el saetero m\u00e1s solicitado de su ciudad natal, para cantar en los balcones durante los desfiles procesionales de la Semana Santa. Concursa en la Copa Pav\u00f3n, del teatro del mismo nombre, y se alza ganador del citado trofeo, en competencia con Manuel Vallejo y otras figuras destacadas de su tiempo. Su trayectoria art\u00edstica sigue su curso en giras con distintos elencos, compa\u00f1\u00edas de comedias, incluso de zarzuela, grabando discos y siendo cada primavera el int\u00e9rprete de saetas m\u00e1s cotizado en Sevilla. Estando actuando, en 1961, en el Cine Mery de La Uni\u00f3n, el d\u00eda 12 de agosto, se sinti\u00f3 indispuesto, siendo trasladado a un hospital de Cartagena, donde falleci\u00f3.<\/p><p>\u00a0<\/p><p><strong><img fetchpriority=\"high\" decoding=\"async\" class=\"size-medium wp-image-1407 alignright\" src=\"https:\/\/miradyved.ihermandad.es\/wp-content\/uploads\/2024\/02\/0156-195x300.webp\" alt=\"\" width=\"195\" height=\"300\" srcset=\"https:\/\/miradyved.org\/wp-content\/uploads\/2024\/02\/0156-195x300.webp 195w, https:\/\/miradyved.org\/wp-content\/uploads\/2024\/02\/0156.webp 200w\" sizes=\"(max-width: 195px) 100vw, 195px\" \/>LA NI\u00d1A DE LOS PEINES.<\/strong>\u00a0Nombre art\u00edstico de Pastora Pav\u00f3n Cruz, originado en sus comienzos art\u00edsticos por cantar la copla de tangos que empieza diciendo \u00abP\u00e9inate t\u00fa con mis peines \u2026\u00bb. Sevilla, 1890-1969. Cantaora. Hermana de Tom\u00e1s y Arturo Pav\u00f3n y casada con Pepe Pinto. Se inici\u00f3 actuando en la llamada Taberna de Ceferino, en su ciudad natal, pasando despu\u00e9s a Madrid y Bilbao, donde permaneci\u00f3 una larga temporada. De nuevo en Sevilla, form\u00f3 parte de diversos elencos de los caf\u00e9s cantantes, as\u00ed como en los de M\u00e1laga y otras ciudades andaluzas.<\/p><p>Terminada la guerra civil, retorna a estos espect\u00e1culos itinerantes, alternando principalmente con Canalejas de Puerto Real y El Sevillano, en los a\u00f1os 1939 y 1940. Se retira durante unos a\u00f1os, reapareciendo en 1949, en compa\u00f1\u00eda de su marido, con el espect\u00e1culo Espa\u00f1a y su cantaora, que se estrena en Sevilla, con excelente acogida cr\u00edtica. Despu\u00e9s de una larga enfermedad, y padeciendo enajenaci\u00f3n mental a causa de una aguda afecci\u00f3n de arteriosclerosis, falleci\u00f3 el 26 de noviembre de 1969, veinte d\u00edas m\u00e1s tarde que su esposo.<\/p><p>Considerada la m\u00e1s completa y destacada cantaora de toda una \u00e9poca, fue amiga de Manuel de Falla y Federico Garc\u00eda Lorca. Deja registrada una gran gama de estilos desde las sevillanas a las saetas.<\/p><p><strong><br \/><img decoding=\"async\" class=\"size-medium wp-image-1408 alignleft\" src=\"https:\/\/miradyved.ihermandad.es\/wp-content\/uploads\/2024\/02\/0157-194x300.webp\" alt=\"\" width=\"194\" height=\"300\" srcset=\"https:\/\/miradyved.org\/wp-content\/uploads\/2024\/02\/0157-194x300.webp 194w, https:\/\/miradyved.org\/wp-content\/uploads\/2024\/02\/0157.webp 200w\" sizes=\"(max-width: 194px) 100vw, 194px\" \/>MANUEL VALLEJO.<\/strong>\u00a0Nombre art\u00edstico de Manuel Jim\u00e9nez Mart\u00ednez de Pinillo. Sevilla, 1891-1960. Cantaor, Se inici\u00f3 en su ciudad natal, actuando en reuniones privadas y en los caf\u00e9s cantantes de la \u00e9poca. Su popularidad la alcanz\u00f3 a lo largo de los a\u00f1os veinte y treinta, en los que realiz\u00f3 numeros\u00edsimas grabaciones discogr\u00e1ficas y form\u00f3 parte de muchos espect\u00e1culos en giras por toda la geograf\u00eda espa\u00f1ola. En 1925, obtiene la Copa Pav\u00f3n, en un concurso organizado por el teatro madrile\u00f1o del mismo nombre, siendo jurado don Antonio Chac\u00f3n. Al a\u00f1o siguiente, 1926, le conceden de manos de Manuel Torre, la Llave de Oro del Cante.<\/p><p>Vallejo tiene su voz registrada en m\u00e1s de 130 placas, sus primeras grabaciones las realiz\u00f3 en 1922 y las \u00faltimas en 1950. Como saetero podemos considerarlo de los mejores de su \u00e9poca, grab\u00f3 m\u00e1s de 25, cifra no superada en placas por ning\u00fan cantaor de su tiempo. En el cante por seguiriya, grab\u00f3 mas de 20, siendo el cantaor que m\u00e1s dio a conocer el estilo de \u00abManuel Molina\u00bb. En el cante por Granaina, junto a D. Antonio Chac\u00f3n, fue su m\u00e1ximo exponente.<br \/>Manuel Vallejo, sin duda alguna, podemos considerarlo como uno de los cantaores m\u00e1s grandes de la historia del Flamenco Andaluz.<\/p><p>Vallejo nos dej\u00f3 un 7 de agosto de 1960, pero su voz estar\u00e1 entre los buenos aficionados por su extensa y rica discograf\u00eda.<\/p><p><strong>Bibliograf\u00eda<\/strong>:<\/p><p>Manuel Vallejo: Vida y Obra de una leyenda del Flamenco<br \/>La ni\u00f1a de los Peines en la Casa de los Pav\u00f3n<br \/>El Arte de vivir el Flamenco<br \/>Flamenco-world<\/p><p>Fernando Garc\u00eda<\/p><p>\u00a0<\/p>\t\t\t\t\t\t\t\t<\/div>\n\t\t\t\t<\/div>\n\t\t\t\t\t<\/div>\n\t\t\t\t<\/div>\n\t\t\t\t<\/div>\n\t\t","protected":false},"excerpt":{"rendered":"<p>Desconocemos su origen y aunque podr\u00edamos decir que proviene de los cantos cristianos no podemos descartar una descendencia jud\u00eda o \u00e1rabe. Podr\u00edamos denominar a este cante como copla cantada en semana santa para expresar el sentir del pueblo. Se interpreta al paso de las procesiones y se entonan desde el balc\u00f3n o la calle cuando [&hellip;]<\/p>\n","protected":false},"author":2,"featured_media":0,"parent":0,"menu_order":0,"comment_status":"closed","ping_status":"closed","template":"","meta":{"footnotes":""},"class_list":["post-1403","page","type-page","status-publish","hentry"],"_links":{"self":[{"href":"https:\/\/miradyved.org\/index.php\/wp-json\/wp\/v2\/pages\/1403","targetHints":{"allow":["GET"]}}],"collection":[{"href":"https:\/\/miradyved.org\/index.php\/wp-json\/wp\/v2\/pages"}],"about":[{"href":"https:\/\/miradyved.org\/index.php\/wp-json\/wp\/v2\/types\/page"}],"author":[{"embeddable":true,"href":"https:\/\/miradyved.org\/index.php\/wp-json\/wp\/v2\/users\/2"}],"replies":[{"embeddable":true,"href":"https:\/\/miradyved.org\/index.php\/wp-json\/wp\/v2\/comments?post=1403"}],"version-history":[{"count":4,"href":"https:\/\/miradyved.org\/index.php\/wp-json\/wp\/v2\/pages\/1403\/revisions"}],"predecessor-version":[{"id":1411,"href":"https:\/\/miradyved.org\/index.php\/wp-json\/wp\/v2\/pages\/1403\/revisions\/1411"}],"wp:attachment":[{"href":"https:\/\/miradyved.org\/index.php\/wp-json\/wp\/v2\/media?parent=1403"}],"curies":[{"name":"wp","href":"https:\/\/api.w.org\/{rel}","templated":true}]}}

<div data-elementor-type="wp-page" data-elementor-id="1403" class="elementor elementor-1403" data-elementor-post-type="page">
				<div class="elementor-element elementor-element-fdd3c0e e-flex e-con-boxed e-con e-parent" data-id="fdd3c0e" data-element_type="container" data-e-type="container">
					<div class="e-con-inner">
				<div class="elementor-element elementor-element-c2ab862 elementor-widget elementor-widget-text-editor" data-id="c2ab862" data-element_type="widget" data-e-type="widget" data-widget_type="text-editor.default">
				<div class="elementor-widget-container">
									<p>Desconocemos su origen y aunque podríamos decir que proviene de los cantos cristianos no podemos descartar una descendencia judía o árabe.</p><p>Podríamos denominar a este cante como copla cantada en semana santa para expresar el sentir del pueblo. Se interpreta al paso de las procesiones y se entonan desde el balcón o la calle cuando las imágenes se acercan al Cantaor. Su interpretación es generalmente improvisada y sin acompañamiento con una melodía de ejecución libre, llena de lirismo y de influencia árabe. Exigen conocer el estilo del cante jondo propio de la tradición musical del flamenco.</p><p>Las primeras saetas flamencas las podemos situar hacia el año 1880 aproximadamente, coincidiendo con la aparición de los primeros cantaores considerados como flamencos aparecidos en Cádiz, Jerez y Sevilla. Llega al mundo del flamenco a través de la Siguriya y de las Tonás, así como de todos los estilos que se derivan de estos cantes.</p><p>A Manuel Centeno se le considera como el creador de la Saeta flamenca, también se piensa que uno de los primeros intérpretes fuese Enrique el Mellizo. A lo largo de la historia han existido numerosos cantaores flamencos que han destacado notablemente en el cante por saetas. Es mi intención rendir homenaje a algunos de los más importantes dando a conocer sus datos biográficos mas destacados.</p><p> </p><p><strong><img decoding="async" class="size-full wp-image-1406 alignleft" src="https://miradyved.ihermandad.es/wp-content/uploads/2024/02/0155.webp" alt="" width="200" height="247" />MANUEL CENTENO.</strong> Nombre artístico de Manuel Jiménez Centeno. Sevilla, 1885-Cartagena (Murcia), 1961. Cantaor, matador de novillos, actor y tenor de zarzuela. De 1907 a 1912 estuvo dedicado al toreo, afición que sintió por influencia familiar. Abandonó la profesión taurina tras recibir dos cornadas, una de ellas en Sevilla, dedicándose, según él por necesidad perentoria de ganarse la vida de alguna manera, al cante flamenco, interviniendo en fiestas y reuniones de cabales.</p><p>Al destacar por saetas, a partir de 1922, se convirtió en el saetero más solicitado de su ciudad natal, para cantar en los balcones durante los desfiles procesionales de la Semana Santa. Concursa en la Copa Pavón, del teatro del mismo nombre, y se alza ganador del citado trofeo, en competencia con Manuel Vallejo y otras figuras destacadas de su tiempo. Su trayectoria artística sigue su curso en giras con distintos elencos, compañías de comedias, incluso de zarzuela, grabando discos y siendo cada primavera el intérprete de saetas más cotizado en Sevilla. Estando actuando, en 1961, en el Cine Mery de La Unión, el día 12 de agosto, se sintió indispuesto, siendo trasladado a un hospital de Cartagena, donde falleció.</p><p> </p><p><strong><img fetchpriority="high" decoding="async" class="size-medium wp-image-1407 alignright" src="https://miradyved.ihermandad.es/wp-content/uploads/2024/02/0156-195x300.webp" alt="" width="195" height="300" srcset="https://miradyved.org/wp-content/uploads/2024/02/0156-195x300.webp 195w, https://miradyved.org/wp-content/uploads/2024/02/0156.webp 200w" sizes="(max-width: 195px) 100vw, 195px" />LA NIÑA DE LOS PEINES.</strong> Nombre artístico de Pastora Pavón Cruz, originado en sus comienzos artísticos por cantar la copla de tangos que empieza diciendo «Péinate tú con mis peines …». Sevilla, 1890-1969. Cantaora. Hermana de Tomás y Arturo Pavón y casada con Pepe Pinto. Se inició actuando en la llamada Taberna de Ceferino, en su ciudad natal, pasando después a Madrid y Bilbao, donde permaneció una larga temporada. De nuevo en Sevilla, formó parte de diversos elencos de los cafés cantantes, así como en los de Málaga y otras ciudades andaluzas.</p><p>Terminada la guerra civil, retorna a estos espectáculos itinerantes, alternando principalmente con Canalejas de Puerto Real y El Sevillano, en los años 1939 y 1940. Se retira durante unos años, reapareciendo en 1949, en compañía de su marido, con el espectáculo España y su cantaora, que se estrena en Sevilla, con excelente acogida crítica. Después de una larga enfermedad, y padeciendo enajenación mental a causa de una aguda afección de arteriosclerosis, falleció el 26 de noviembre de 1969, veinte días más tarde que su esposo.</p><p>Considerada la más completa y destacada cantaora de toda una época, fue amiga de Manuel de Falla y Federico García Lorca. Deja registrada una gran gama de estilos desde las sevillanas a las saetas.</p><p><strong><br /><img decoding="async" class="size-medium wp-image-1408 alignleft" src="https://miradyved.ihermandad.es/wp-content/uploads/2024/02/0157-194x300.webp" alt="" width="194" height="300" srcset="https://miradyved.org/wp-content/uploads/2024/02/0157-194x300.webp 194w, https://miradyved.org/wp-content/uploads/2024/02/0157.webp 200w" sizes="(max-width: 194px) 100vw, 194px" />MANUEL VALLEJO.</strong> Nombre artístico de Manuel Jiménez Martínez de Pinillo. Sevilla, 1891-1960. Cantaor, Se inició en su ciudad natal, actuando en reuniones privadas y en los cafés cantantes de la época. Su popularidad la alcanzó a lo largo de los años veinte y treinta, en los que realizó numerosísimas grabaciones discográficas y formó parte de muchos espectáculos en giras por toda la geografía española. En 1925, obtiene la Copa Pavón, en un concurso organizado por el teatro madrileño del mismo nombre, siendo jurado don Antonio Chacón. Al año siguiente, 1926, le conceden de manos de Manuel Torre, la Llave de Oro del Cante.</p><p>Vallejo tiene su voz registrada en más de 130 placas, sus primeras grabaciones las realizó en 1922 y las últimas en 1950. Como saetero podemos considerarlo de los mejores de su época, grabó más de 25, cifra no superada en placas por ningún cantaor de su tiempo. En el cante por seguiriya, grabó mas de 20, siendo el cantaor que más dio a conocer el estilo de «Manuel Molina». En el cante por Granaina, junto a D. Antonio Chacón, fue su máximo exponente.<br />Manuel Vallejo, sin duda alguna, podemos considerarlo como uno de los cantaores más grandes de la historia del Flamenco Andaluz.</p><p>Vallejo nos dejó un 7 de agosto de 1960, pero su voz estará entre los buenos aficionados por su extensa y rica discografía.</p><p><strong>Bibliografía</strong>:</p><p>Manuel Vallejo: Vida y Obra de una leyenda del Flamenco<br />La niña de los Peines en la Casa de los Pavón<br />El Arte de vivir el Flamenco<br />Flamenco-world</p><p>Fernando García</p><p> </p>								</div>
				</div>
					</div>
				</div>
				</div>

<p>Desconocemos su origen y aunque podríamos decir que proviene de los cantos cristianos no podemos descartar una descendencia judía o árabe. Podríamos denominar a este cante como copla cantada en semana santa para expresar el sentir del pueblo. Se interpreta al paso de las procesiones y se entonan desde el balcón o la calle cuando [&hellip;]</p>
