{"id":1455,"date":"2024-02-21T22:32:01","date_gmt":"2024-02-21T22:32:01","guid":{"rendered":"https:\/\/miradyved.ihermandad.es\/?page_id=1455"},"modified":"2024-02-21T22:41:32","modified_gmt":"2024-02-21T22:41:32","slug":"la-hermandad-de-la-soledad-de-olivares-rinde-un-homenaje-a-la-asociacion-filarmonica-cultural-santa-maria-de-las-nieves-de-olivares","status":"publish","type":"page","link":"https:\/\/miradyved.org\/index.php\/la-hermandad-de-la-soledad-de-olivares-rinde-un-homenaje-a-la-asociacion-filarmonica-cultural-santa-maria-de-las-nieves-de-olivares\/","title":{"rendered":"LA HERMANDAD DE LA SOLEDAD DE OLIVARES RINDE UN HOMENAJE A LA ASOCIACI\u00d3N FILARM\u00d3NICA CULTURAL SANTA MAR\u00cdA DE LAS NIEVES DE OLIVARES"},"content":{"rendered":"\t\t<div data-elementor-type=\"wp-page\" data-elementor-id=\"1455\" class=\"elementor elementor-1455\" data-elementor-post-type=\"page\">\n\t\t\t\t<div class=\"elementor-element elementor-element-a2ac9b9 e-flex e-con-boxed e-con e-parent\" data-id=\"a2ac9b9\" data-element_type=\"container\" data-e-type=\"container\">\n\t\t\t\t\t<div class=\"e-con-inner\">\n\t\t\t\t<div class=\"elementor-element elementor-element-64e604f elementor-widget elementor-widget-image\" data-id=\"64e604f\" data-element_type=\"widget\" data-e-type=\"widget\" data-widget_type=\"image.default\">\n\t\t\t\t<div class=\"elementor-widget-container\">\n\t\t\t\t\t\t\t\t\t\t\t\t\t\t\t<img fetchpriority=\"high\" decoding=\"async\" width=\"720\" height=\"418\" src=\"https:\/\/miradyved.org\/wp-content\/uploads\/2024\/02\/Homenaje-a-la-Filarmonica.webp\" class=\"attachment-large size-large wp-image-1458\" alt=\"\" srcset=\"https:\/\/miradyved.org\/wp-content\/uploads\/2024\/02\/Homenaje-a-la-Filarmonica.webp 720w, https:\/\/miradyved.org\/wp-content\/uploads\/2024\/02\/Homenaje-a-la-Filarmonica-300x174.webp 300w\" sizes=\"(max-width: 720px) 100vw, 720px\" \/>\t\t\t\t\t\t\t\t\t\t\t\t\t\t\t<\/div>\n\t\t\t\t<\/div>\n\t\t\t\t<div class=\"elementor-element elementor-element-da7e8e4 elementor-widget elementor-widget-text-editor\" data-id=\"da7e8e4\" data-element_type=\"widget\" data-e-type=\"widget\" data-widget_type=\"text-editor.default\">\n\t\t\t\t<div class=\"elementor-widget-container\">\n\t\t\t\t\t\t\t\t\t<p>Para los Soleanos de Olivares, la referencia que supone nuestra Banda de m\u00fasica supone un orgullo al mismo tiempo que un reto.<\/p><p><u>Orgullo<\/u>\u00a0de ver que crece junto a nosotros como Hermandad una instituci\u00f3n cultural que supera los l\u00edmites de tu propia localidad, que permite que el nombre de Olivares suene cada vez m\u00e1s y mejor m\u00e1s all\u00e1 de nuestros \u00e1mbito local, al mismo tiempo que nos enriquece e ilustra con sus actuaciones entre nosotros, con el orgullo que eso debe significar para cualquier olivare\u00f1o de pro.<\/p><p><u>Y reto<\/u>, por la ilusi\u00f3n del proyecto compartido consistente en ser capaces de seguir manteniendo y engrandeciendo a\u00fan m\u00e1s lo ya conseguido.<\/p><p>La\u00a0<strong><em>Banda de m\u00fasica de Olivares<\/em><\/strong>\u00a0es una de las m\u00e1s antiguas formaciones mel\u00f3dicas de este tipo de las actualmente existentes en la provincia de Sevilla, lo que es tanto como decir de las m\u00e1s antiguas de Andaluc\u00eda.<\/p><p>No podemos obviar que el primer documento, de los encontrados en Olivares en que refleja el pago a los m\u00fasicos, que acompa\u00f1aron las procesiones de Mi\u00e9rcoles y Viernes Santos, data de\u00a0<em>1873<\/em>\u00a0y consiste en el recibo de pago de\u00a0<em>cien reales de vell\u00f3n a Vicente Ribera<\/em>, vecino de la villa encargado de la m\u00fasica.<\/p><p>Mi\u00e9rcoles y Viernes Santos, los d\u00edas que procesionaban nuestras im\u00e1genes por la localidad en la fecha referida, sobre 1800, es decir, que desde su mismo origen pr\u00e1cticamente banda y Hdad. de la Soledad estaban ya unidas. (Si nos atenemos a dicha fecha llevar\u00edamos 136 a\u00f1os juntos, que posiblemente fueran m\u00e1s).<\/p><p>Y esa relaci\u00f3n se sigue manteniendo, pese a las muchas vicisitudes, y es que hermanos insignes nos recuerdan como la banda de los Calixtos, como se la conoc\u00eda popularmente, aun cuando su \u00fanica actuaci\u00f3n se limitaba a la noche del Viernes Santo, jam\u00e1s falt\u00f3 al acompa\u00f1amiento de nuestra titular en los especialmente dif\u00edciles a\u00f1os 40.<\/p><p>Siendo que, en ese discurrir de los a\u00f1os, el esfuerzo de mantenerse empez\u00f3 a ver sus frutos cuando a finales de los a\u00f1os 50 la banda se da a conocer en otras poblaciones m\u00e1s distantes,\u00a0<em>Brenes, Villaverde, El Pedroso<\/em>, con una formaci\u00f3n de 21 m\u00fasicos.<\/p><p>En Sevilla comienzan a ser conocidos a partir de 1.961 en que acuden para acompa\u00f1ar algunas procesiones de impedidos y poco despu\u00e9s acompa\u00f1ando a varias hermandades durante los desfiles procesionales de Semana Santa.<\/p><p>Iniciando as\u00ed una carrera ascendente que nos lleva a la actual\u00a0<strong>ASOCIACI\u00d3N FILARMONICA CULTURAL SANTA MAR\u00cdA DE LAS NIEVES DE OLIVARES<\/strong>, con sus componentes aqu\u00ed presentes herederos de una historia, y de una tradici\u00f3n que est\u00e1n sabiendo no s\u00f3lo mantener, sino engrandecer, y ello pese a la mucha competitividad que vivimos en los tiempos que corremos. Por este motivo queremos mostrarles nuestro sincero homenaje como Olivare\u00f1os y como Hdad que se siente con una relaci\u00f3n especial por consecuencia de la fidelidad que dura desde su mismo origen.<\/p><p>Esta Hermandad desea tambi\u00e9n recordar a la figura de un compositor que nos dej\u00f3 una marcha dedicada a Nuestra Se\u00f1ora de los Dolores y que se encontraba totalmente olvidada.<\/p><p>Dicho compositor es\u00a0<strong>JOS\u00c9 MART\u00cdNEZ PERALTO<\/strong>, pero \u00bfqui\u00e9n es Peralto?<\/p><p>Peralto no es una gran personalidad en el mundo de la m\u00fasica, pero s\u00ed tiene una considerable importancia en el mundo de la m\u00fasica de Semana Santa.<br \/>Jos\u00e9 Mart\u00ednez Peralto (Sevilla, 18\/8\/1898-28\/2\/1974) viv\u00eda con dos hermanas suyas \u2013solteros los tres- en la calle Murillo (collaci\u00f3n de la Magdalena). Era vecino de Francisco Camero, el hermano de la Hiniesta que encarg\u00f3 La Estrella Sublime a Manuel L\u00f3pez Farf\u00e1n, y por ello estuvo vinculado desde su juventud a dicha hermandad del Domingo de Ramos, en la que ocup\u00f3 diversos cargos en la junta de gobierno.<br \/>Inici\u00f3 sus estudios musicales con Miguel Mata y particip\u00f3 como violinista en la orquesta de c\u00e1mara que fund\u00f3 Manuel de Falla.<br \/>Fund\u00f3 un famoso cuarteto de cuerda (el \u201cCuarteto Peralto\u201d), que actuaba en las sesiones de cine mudo de la Sala Llor\u00e9ns y reuniones de la alta sociedad y posteriormente en otro tipo de actos, como los cultos de diversas hermandades.<br \/>Se cuenta tambi\u00e9n la simp\u00e1tica an\u00e9cdota de que el rey Alfonso XIII le regal\u00f3 un puro con vitola real por una de sus actuaciones en el Real Alc\u00e1zar.<br \/>Peralto fue un gran hombre, humilde y serio, pero muy buena persona. Aunque hac\u00eda vida de hermandad y se dejaba ver en los ambientes cofrades, era un hombre de su casa, su trabajo en la ONCE y su m\u00fasica, por lo que no fue todo lo reconocido que debi\u00f3 de ser.<br \/>Aficionado a los toros, sol\u00eda ir gratuitamente gracias a que un primo suyo, que ten\u00eda en la calle Gonz\u00e1lez Cuadrado una imprenta que editaba los carteles de los festejos, le regalaba los abonos.<br \/>Fruto de esta afici\u00f3n surgi\u00f3 su conocido pasodoble Serva la bari, que sol\u00eda interpretarse durante el pase\u00edllo en la Maestranza.<\/p><p>Compuso Virgen del Subterr\u00e1neo, la cual instrument\u00f3 el por entonces director de la Banda Municipal de Sevilla, Pedro Bra\u00f1a. \u00c9ste confes\u00f3 cuando fue a recoger la partitura a su casa que era una muy buena marcha.<\/p><p><img decoding=\"async\" class=\"size-medium wp-image-1457 alignleft\" src=\"https:\/\/miradyved.ihermandad.es\/wp-content\/uploads\/2024\/02\/0028-300x164.webp\" alt=\"\" width=\"300\" height=\"164\" srcset=\"https:\/\/miradyved.org\/wp-content\/uploads\/2024\/02\/0028-300x164.webp 300w, https:\/\/miradyved.org\/wp-content\/uploads\/2024\/02\/0028.webp 720w\" sizes=\"(max-width: 300px) 100vw, 300px\" \/>El pasado 21 de marzo de 2009 tuvo lugar en el Teatro Municipal de Olivares un Concierto de Marchas Procesionales donde nuestra Banda de Olivares recibi\u00f3 un merecido homenaje en el que se present\u00f3 la novedad musical de este a\u00f1o, la marcha recuperada por nuestra Banda llamada\u00a0<strong>Virgen de la Soledad<\/strong>\u00a0(1960). Dedicada a la Soledad de Olivares, es una marcha muy airosa y de acentuado car\u00e1cter andaluz.<\/p><p>Tras un tiempo olvidada (aunque algunos m\u00fasicos antiguos de la Banda de Nuestra Se\u00f1ora de las Nieves, de Olivares, la recuerdan), la recuper\u00f3 la Banda Municipal de Sevilla en un concierto que tuvo lugar en la Iglesia de los Terceros el 13 de octubre de 2005).<\/p><p>La partitura est\u00e1 firmada y dedicada expresamente por el autor a nuestra Hdad. en fecha de 13 de diciembre de 1960.<\/p><p>\u00a0<\/p>\t\t\t\t\t\t\t\t<\/div>\n\t\t\t\t<\/div>\n\t\t\t\t\t<\/div>\n\t\t\t\t<\/div>\n\t\t\t\t<\/div>\n\t\t","protected":false},"excerpt":{"rendered":"<p>Para los Soleanos de Olivares, la referencia que supone nuestra Banda de m\u00fasica supone un orgullo al mismo tiempo que un reto. Orgullo\u00a0de ver que crece junto a nosotros como Hermandad una instituci\u00f3n cultural que supera los l\u00edmites de tu propia localidad, que permite que el nombre de Olivares suene cada vez m\u00e1s y mejor [&hellip;]<\/p>\n","protected":false},"author":2,"featured_media":0,"parent":0,"menu_order":0,"comment_status":"closed","ping_status":"closed","template":"","meta":{"footnotes":""},"class_list":["post-1455","page","type-page","status-publish","hentry"],"_links":{"self":[{"href":"https:\/\/miradyved.org\/index.php\/wp-json\/wp\/v2\/pages\/1455","targetHints":{"allow":["GET"]}}],"collection":[{"href":"https:\/\/miradyved.org\/index.php\/wp-json\/wp\/v2\/pages"}],"about":[{"href":"https:\/\/miradyved.org\/index.php\/wp-json\/wp\/v2\/types\/page"}],"author":[{"embeddable":true,"href":"https:\/\/miradyved.org\/index.php\/wp-json\/wp\/v2\/users\/2"}],"replies":[{"embeddable":true,"href":"https:\/\/miradyved.org\/index.php\/wp-json\/wp\/v2\/comments?post=1455"}],"version-history":[{"count":4,"href":"https:\/\/miradyved.org\/index.php\/wp-json\/wp\/v2\/pages\/1455\/revisions"}],"predecessor-version":[{"id":1462,"href":"https:\/\/miradyved.org\/index.php\/wp-json\/wp\/v2\/pages\/1455\/revisions\/1462"}],"wp:attachment":[{"href":"https:\/\/miradyved.org\/index.php\/wp-json\/wp\/v2\/media?parent=1455"}],"curies":[{"name":"wp","href":"https:\/\/api.w.org\/{rel}","templated":true}]}}

LA HERMANDAD DE LA SOLEDAD DE OLIVARES RINDE UN HOMENAJE A LA ASOCIACIÓN FILARMÓNICA CULTURAL SANTA MARÍA DE LAS NIEVES DE OLIVARES

<div data-elementor-type="wp-page" data-elementor-id="1455" class="elementor elementor-1455" data-elementor-post-type="page">
				<div class="elementor-element elementor-element-a2ac9b9 e-flex e-con-boxed e-con e-parent" data-id="a2ac9b9" data-element_type="container" data-e-type="container">
					<div class="e-con-inner">
				<div class="elementor-element elementor-element-64e604f elementor-widget elementor-widget-image" data-id="64e604f" data-element_type="widget" data-e-type="widget" data-widget_type="image.default">
				<div class="elementor-widget-container">
															<img fetchpriority="high" decoding="async" width="720" height="418" src="https://miradyved.org/wp-content/uploads/2024/02/Homenaje-a-la-Filarmonica.webp" class="attachment-large size-large wp-image-1458" alt="" srcset="https://miradyved.org/wp-content/uploads/2024/02/Homenaje-a-la-Filarmonica.webp 720w, https://miradyved.org/wp-content/uploads/2024/02/Homenaje-a-la-Filarmonica-300x174.webp 300w" sizes="(max-width: 720px) 100vw, 720px" />															</div>
				</div>
				<div class="elementor-element elementor-element-da7e8e4 elementor-widget elementor-widget-text-editor" data-id="da7e8e4" data-element_type="widget" data-e-type="widget" data-widget_type="text-editor.default">
				<div class="elementor-widget-container">
									<p>Para los Soleanos de Olivares, la referencia que supone nuestra Banda de música supone un orgullo al mismo tiempo que un reto.</p><p><u>Orgullo</u> de ver que crece junto a nosotros como Hermandad una institución cultural que supera los límites de tu propia localidad, que permite que el nombre de Olivares suene cada vez más y mejor más allá de nuestros ámbito local, al mismo tiempo que nos enriquece e ilustra con sus actuaciones entre nosotros, con el orgullo que eso debe significar para cualquier olivareño de pro.</p><p><u>Y reto</u>, por la ilusión del proyecto compartido consistente en ser capaces de seguir manteniendo y engrandeciendo aún más lo ya conseguido.</p><p>La <strong><em>Banda de música de Olivares</em></strong> es una de las más antiguas formaciones melódicas de este tipo de las actualmente existentes en la provincia de Sevilla, lo que es tanto como decir de las más antiguas de Andalucía.</p><p>No podemos obviar que el primer documento, de los encontrados en Olivares en que refleja el pago a los músicos, que acompañaron las procesiones de Miércoles y Viernes Santos, data de <em>1873</em> y consiste en el recibo de pago de <em>cien reales de vellón a Vicente Ribera</em>, vecino de la villa encargado de la música.</p><p>Miércoles y Viernes Santos, los días que procesionaban nuestras imágenes por la localidad en la fecha referida, sobre 1800, es decir, que desde su mismo origen prácticamente banda y Hdad. de la Soledad estaban ya unidas. (Si nos atenemos a dicha fecha llevaríamos 136 años juntos, que posiblemente fueran más).</p><p>Y esa relación se sigue manteniendo, pese a las muchas vicisitudes, y es que hermanos insignes nos recuerdan como la banda de los Calixtos, como se la conocía popularmente, aun cuando su única actuación se limitaba a la noche del Viernes Santo, jamás faltó al acompañamiento de nuestra titular en los especialmente difíciles años 40.</p><p>Siendo que, en ese discurrir de los años, el esfuerzo de mantenerse empezó a ver sus frutos cuando a finales de los años 50 la banda se da a conocer en otras poblaciones más distantes, <em>Brenes, Villaverde, El Pedroso</em>, con una formación de 21 músicos.</p><p>En Sevilla comienzan a ser conocidos a partir de 1.961 en que acuden para acompañar algunas procesiones de impedidos y poco después acompañando a varias hermandades durante los desfiles procesionales de Semana Santa.</p><p>Iniciando así una carrera ascendente que nos lleva a la actual <strong>ASOCIACIÓN FILARMONICA CULTURAL SANTA MARÍA DE LAS NIEVES DE OLIVARES</strong>, con sus componentes aquí presentes herederos de una historia, y de una tradición que están sabiendo no sólo mantener, sino engrandecer, y ello pese a la mucha competitividad que vivimos en los tiempos que corremos. Por este motivo queremos mostrarles nuestro sincero homenaje como Olivareños y como Hdad que se siente con una relación especial por consecuencia de la fidelidad que dura desde su mismo origen.</p><p>Esta Hermandad desea también recordar a la figura de un compositor que nos dejó una marcha dedicada a Nuestra Señora de los Dolores y que se encontraba totalmente olvidada.</p><p>Dicho compositor es <strong>JOSÉ MARTÍNEZ PERALTO</strong>, pero ¿quién es Peralto?</p><p>Peralto no es una gran personalidad en el mundo de la música, pero sí tiene una considerable importancia en el mundo de la música de Semana Santa.<br />José Martínez Peralto (Sevilla, 18/8/1898-28/2/1974) vivía con dos hermanas suyas –solteros los tres- en la calle Murillo (collación de la Magdalena). Era vecino de Francisco Camero, el hermano de la Hiniesta que encargó La Estrella Sublime a Manuel López Farfán, y por ello estuvo vinculado desde su juventud a dicha hermandad del Domingo de Ramos, en la que ocupó diversos cargos en la junta de gobierno.<br />Inició sus estudios musicales con Miguel Mata y participó como violinista en la orquesta de cámara que fundó Manuel de Falla.<br />Fundó un famoso cuarteto de cuerda (el “Cuarteto Peralto”), que actuaba en las sesiones de cine mudo de la Sala Lloréns y reuniones de la alta sociedad y posteriormente en otro tipo de actos, como los cultos de diversas hermandades.<br />Se cuenta también la simpática anécdota de que el rey Alfonso XIII le regaló un puro con vitola real por una de sus actuaciones en el Real Alcázar.<br />Peralto fue un gran hombre, humilde y serio, pero muy buena persona. Aunque hacía vida de hermandad y se dejaba ver en los ambientes cofrades, era un hombre de su casa, su trabajo en la ONCE y su música, por lo que no fue todo lo reconocido que debió de ser.<br />Aficionado a los toros, solía ir gratuitamente gracias a que un primo suyo, que tenía en la calle González Cuadrado una imprenta que editaba los carteles de los festejos, le regalaba los abonos.<br />Fruto de esta afición surgió su conocido pasodoble Serva la bari, que solía interpretarse durante el paseíllo en la Maestranza.</p><p>Compuso Virgen del Subterráneo, la cual instrumentó el por entonces director de la Banda Municipal de Sevilla, Pedro Braña. Éste confesó cuando fue a recoger la partitura a su casa que era una muy buena marcha.</p><p><img decoding="async" class="size-medium wp-image-1457 alignleft" src="https://miradyved.ihermandad.es/wp-content/uploads/2024/02/0028-300x164.webp" alt="" width="300" height="164" srcset="https://miradyved.org/wp-content/uploads/2024/02/0028-300x164.webp 300w, https://miradyved.org/wp-content/uploads/2024/02/0028.webp 720w" sizes="(max-width: 300px) 100vw, 300px" />El pasado 21 de marzo de 2009 tuvo lugar en el Teatro Municipal de Olivares un Concierto de Marchas Procesionales donde nuestra Banda de Olivares recibió un merecido homenaje en el que se presentó la novedad musical de este año, la marcha recuperada por nuestra Banda llamada <strong>Virgen de la Soledad</strong> (1960). Dedicada a la Soledad de Olivares, es una marcha muy airosa y de acentuado carácter andaluz.</p><p>Tras un tiempo olvidada (aunque algunos músicos antiguos de la Banda de Nuestra Señora de las Nieves, de Olivares, la recuerdan), la recuperó la Banda Municipal de Sevilla en un concierto que tuvo lugar en la Iglesia de los Terceros el 13 de octubre de 2005).</p><p>La partitura está firmada y dedicada expresamente por el autor a nuestra Hdad. en fecha de 13 de diciembre de 1960.</p><p> </p>								</div>
				</div>
					</div>
				</div>
				</div>

<p>Para los Soleanos de Olivares, la referencia que supone nuestra Banda de música supone un orgullo al mismo tiempo que un reto. Orgullo de ver que crece junto a nosotros como Hermandad una institución cultural que supera los límites de tu propia localidad, que permite que el nombre de Olivares suene cada vez más y mejor [&hellip;]</p>
