{"id":158,"date":"2023-12-05T16:38:53","date_gmt":"2023-12-05T16:38:53","guid":{"rendered":"https:\/\/miradyved.ihermandad.es\/?page_id=158"},"modified":"2024-02-19T13:02:28","modified_gmt":"2024-02-19T13:02:28","slug":"estacion-de-penitencia","status":"publish","type":"page","link":"https:\/\/miradyved.org\/index.php\/estacion-de-penitencia\/","title":{"rendered":"ESTACI\u00d3N DE PENITENCIA"},"content":{"rendered":"\t\t<div data-elementor-type=\"wp-page\" data-elementor-id=\"158\" class=\"elementor elementor-158\" data-elementor-post-type=\"page\">\n\t\t\t\t<div class=\"elementor-element elementor-element-dab6b46 e-flex e-con-boxed e-con e-parent\" data-id=\"dab6b46\" data-element_type=\"container\" data-e-type=\"container\">\n\t\t\t\t\t<div class=\"e-con-inner\">\n\t\t\t\t<div class=\"elementor-element elementor-element-3cf6cdf elementor-widget elementor-widget-image\" data-id=\"3cf6cdf\" data-element_type=\"widget\" data-e-type=\"widget\" data-widget_type=\"image.default\">\n\t\t\t\t<div class=\"elementor-widget-container\">\n\t\t\t\t\t\t\t\t\t\t\t\t\t\t\t<img fetchpriority=\"high\" decoding=\"async\" width=\"290\" height=\"504\" src=\"https:\/\/miradyved.org\/wp-content\/uploads\/2023\/12\/Estacion-de-penitencia.jpg\" class=\"attachment-large size-large wp-image-160\" alt=\"\" srcset=\"https:\/\/miradyved.org\/wp-content\/uploads\/2023\/12\/Estacion-de-penitencia.jpg 290w, https:\/\/miradyved.org\/wp-content\/uploads\/2023\/12\/Estacion-de-penitencia-173x300.jpg 173w\" sizes=\"(max-width: 290px) 100vw, 290px\" \/>\t\t\t\t\t\t\t\t\t\t\t\t\t\t\t<\/div>\n\t\t\t\t<\/div>\n\t\t\t\t<div class=\"elementor-element elementor-element-b2ee2b5 elementor-widget elementor-widget-text-editor\" data-id=\"b2ee2b5\" data-element_type=\"widget\" data-e-type=\"widget\" data-widget_type=\"text-editor.default\">\n\t\t\t\t<div class=\"elementor-widget-container\">\n\t\t\t\t\t\t\t\t\t<p>Existen testimonios hist\u00f3ricos de que la Hermandad efectuaba durante los siglos XVIII y XIX dos salidas procesionales: una el Mi\u00e9rcoles Santo en la que Nuestra Se\u00f1ora de los Dolores acompa\u00f1aba al Nazareno y otra el Viernes Santo que se describe como la procesi\u00f3n del Santo Entierro de Cristo.<\/p><p>Las Reglas dedican un extenso cap\u00edtulo a la forma que deb\u00eda guardarse en las procesiones, una primera, al amanecer con las Im\u00e1genes Titulares de la Hermandad, y la segunda procesi\u00f3n de la Soledad, despu\u00e9s de la predicaci\u00f3n del Serm\u00f3n del Descendimiento, con la asistencia de nuestras hermanas, en la que el paso de Jes\u00fas Nazareno era sustituido por un paso descrito como el Paso de la Cruz.<\/p><p>Estas procesiones quedaron reducidas, a principios del siglo XX, a una sola con el siguiente orden: en primer lugar, el Paso de Jes\u00fas Nazareno, seguido del Sepulcro y la Santa Cruz (que desapareci\u00f3 m\u00e1s tarde), cerrando el cortejo el Palio de la Sant\u00edsima Virgen de los Dolores. La hora de salida era las nueve de la noche, que en la actualidad se ha retrasado a las diez, terminando el recorrido penitencial a las tres de la madrugada.<\/p><p>La procesi\u00f3n del Santo Entierro estaba precedida de un Serm\u00f3n que se denominaba Serm\u00f3n del Descendimiento, en el que mientras el predicador glosaba los sufrimientos y humillaciones que Cristo pas\u00f3 por la Salvaci\u00f3n del g\u00e9nero humano en su Pasi\u00f3n, la Imagen articulada que posteriormente recorrer\u00eda las calles del pueblo en la urna de cristal era bajada de la Cruz por hombres revestidos de Santos Varones y Evangelistas. Este paso era acompa\u00f1ado por un grupo de Sibilas y Mar\u00edas y por otro grupo de soldados romanos ataviados con plumas negras en sus cascos (descritos como los Armados) que probablemente llevaban cabalgaduras.<\/p><p>En la actualidad se ha vuelto a recuperar la salida procesional del Sant\u00edsimo Cristo yacente. El orden de la cofrad\u00eda y la composici\u00f3n del cortejo es el siguiente:<\/p>\t\t\t\t\t\t\t\t<\/div>\n\t\t\t\t<\/div>\n\t\t\t\t\t<\/div>\n\t\t\t\t<\/div>\n\t\t<div class=\"elementor-element elementor-element-bfb1504 e-flex e-con-boxed e-con e-parent\" data-id=\"bfb1504\" data-element_type=\"container\" data-e-type=\"container\">\n\t\t\t\t\t<div class=\"e-con-inner\">\n\t\t<div class=\"elementor-element elementor-element-cf3a481 e-con-full e-flex e-con e-child\" data-id=\"cf3a481\" data-element_type=\"container\" data-e-type=\"container\">\n\t\t\t\t<div class=\"elementor-element elementor-element-da4f298 elementor-widget elementor-widget-heading\" data-id=\"da4f298\" data-element_type=\"widget\" data-e-type=\"widget\" data-widget_type=\"heading.default\">\n\t\t\t\t<div class=\"elementor-widget-container\">\n\t\t\t\t\t<h5 class=\"elementor-heading-title elementor-size-default\">Tramos de Ntro. Padre Jes\u00fas Nazareno<\/h5>\t\t\t\t<\/div>\n\t\t\t\t<\/div>\n\t\t\t\t<div class=\"elementor-element elementor-element-373b1f0 elementor-widget elementor-widget-text-editor\" data-id=\"373b1f0\" data-element_type=\"widget\" data-e-type=\"widget\" data-widget_type=\"text-editor.default\">\n\t\t\t\t<div class=\"elementor-widget-container\">\n\t\t\t\t\t\t\t\t\t<p>Fiscal de Cruz de Gu\u00eda<br \/>Cruz de Gu\u00eda flanqueada por dos faroles<br \/><strong>Primer tramo<\/strong> de hermanos de luz<br \/>Senatus con dos varas<br \/><strong>Segundo tramo<\/strong> de hermano de luz<br \/>Bandera de Hermandad con dos varas<br \/><strong>Tercer tramo<\/strong> de hermanos de luz<br \/>Bocinas<br \/>Representaci\u00f3n Junta de Gobierno<br \/>Cuerpo de Ac\u00f3litos<br \/>Fiscal del Paso de Cristo<br \/>Maniguetas<\/p>\t\t\t\t\t\t\t\t<\/div>\n\t\t\t\t<\/div>\n\t\t\t\t<\/div>\n\t\t<div class=\"elementor-element elementor-element-1573fac e-con-full e-flex e-con e-child\" data-id=\"1573fac\" data-element_type=\"container\" data-e-type=\"container\">\n\t\t\t\t<div class=\"elementor-element elementor-element-aabf0e3 elementor-widget elementor-widget-heading\" data-id=\"aabf0e3\" data-element_type=\"widget\" data-e-type=\"widget\" data-widget_type=\"heading.default\">\n\t\t\t\t<div class=\"elementor-widget-container\">\n\t\t\t\t\t<h5 class=\"elementor-heading-title elementor-size-default\">Tramos del Stmo. Cristo Yacente<\/h5>\t\t\t\t<\/div>\n\t\t\t\t<\/div>\n\t\t\t\t<div class=\"elementor-element elementor-element-b1ea476 elementor-widget elementor-widget-text-editor\" data-id=\"b1ea476\" data-element_type=\"widget\" data-e-type=\"widget\" data-widget_type=\"text-editor.default\">\n\t\t\t\t<div class=\"elementor-widget-container\">\n\t\t\t\t\t\t\t\t\t<p>Cruz Parroquial con dos faroles<br \/><strong>Primer tramo<\/strong> de hermanos penitentes<br \/>Bander\u00edn de Juventud con dos varas<br \/><strong>Segundo tramo<\/strong> de hermanos de luz<br \/>Bander\u00edn de la Villa con dos varas<br \/><strong>Tercer tramo<\/strong> de hermanos de luz<br \/>Representaci\u00f3n Junta de Gobierno<br \/>Cuerpo de Ac\u00f3litos<br \/>Fiscal del Paso de Cristo Yacente<br \/>Palio de Respeto<\/p>\t\t\t\t\t\t\t\t<\/div>\n\t\t\t\t<\/div>\n\t\t\t\t<\/div>\n\t\t<div class=\"elementor-element elementor-element-e9a8e06 e-con-full e-flex e-con e-child\" data-id=\"e9a8e06\" data-element_type=\"container\" data-e-type=\"container\">\n\t\t\t\t<div class=\"elementor-element elementor-element-1dcd2a9 elementor-widget elementor-widget-heading\" data-id=\"1dcd2a9\" data-element_type=\"widget\" data-e-type=\"widget\" data-widget_type=\"heading.default\">\n\t\t\t\t<div class=\"elementor-widget-container\">\n\t\t\t\t\t<h5 class=\"elementor-heading-title elementor-size-default\">Tramos de Ntra. Sra. de los Dolores<\/h5>\t\t\t\t<\/div>\n\t\t\t\t<\/div>\n\t\t\t\t<div class=\"elementor-element elementor-element-5daa35a elementor-widget elementor-widget-text-editor\" data-id=\"5daa35a\" data-element_type=\"widget\" data-e-type=\"widget\" data-widget_type=\"text-editor.default\">\n\t\t\t\t<div class=\"elementor-widget-container\">\n\t\t\t\t\t\t\t\t\t<p>Bandera Concepcionista con dos varas<br \/><strong>Primer tramo<\/strong> de hermanos de luz<br \/>Simpecado flanqueado por dos faroles<br \/><strong>Segundo tramo<\/strong> de hermanos de luz<br \/>Libro de Reglas con dos varas<br \/><strong>Tercer tramo<\/strong> de hermanos de luz<br \/>Estandarte con cuatro varas<br \/><strong>Cuarto tramo<\/strong> de hermanos de luz<br \/>Bocinas<br \/>Representaci\u00f3n Junta de Gobierno<br \/>Cuerpo de Ac\u00f3litos<br \/>Fiscal del Paso de Virgen<br \/><br \/><\/p>\t\t\t\t\t\t\t\t<\/div>\n\t\t\t\t<\/div>\n\t\t\t\t<\/div>\n\t\t\t\t\t<\/div>\n\t\t\t\t<\/div>\n\t\t<div class=\"elementor-element elementor-element-8e9bb89 e-flex e-con-boxed e-con e-parent\" data-id=\"8e9bb89\" data-element_type=\"container\" data-e-type=\"container\">\n\t\t\t\t\t<div class=\"e-con-inner\">\n\t\t\t\t<div class=\"elementor-element elementor-element-918f59e elementor-widget elementor-widget-text-editor\" data-id=\"918f59e\" data-element_type=\"widget\" data-e-type=\"widget\" data-widget_type=\"text-editor.default\">\n\t\t\t\t<div class=\"elementor-widget-container\">\n\t\t\t\t\t\t\t\t\t<p>El cortejo procesional esta compuesto por 300 nazarenos y 20 promesas con cruz, con t\u00fanica blanca de cola rizada con vivos, botones y mangos morados. C\u00edngulo morado y antifaz negro.<\/p><p>El Paso de Cristo es portado por 35 costaleros, el Paso del Cristo Yacente por 25 y el de Palio por 36, siendo\u00a0<strong>D. Jos\u00e9 Antonio Garc\u00eda Olea<\/strong>,\u00a0<strong>D. Francisco Pablo Manz\u00f3n Haro<\/strong>\u00a0y\u00a0<strong>D. Manuel Cort\u00e9s Delgado<\/strong>\u00a0los capataces respectivos.<\/p><p>El Paso de Cristo va acompa\u00f1ado con Banda de Cornetas y Tambores Jes\u00fas Nazareno de Huelva. El Paso del Cristo Yacente con M\u00fasica de Capilla. El Paso de Palio con la Asociaci\u00f3n Filarm\u00f3nica Cultural Santa Mar\u00eda de Las Nieves de Olivares.<\/p><p><strong>Lugares de Inter\u00e9s:\u00a0<\/strong>Plaza de Jes\u00fas Nazareno (salida y entrada) y Plaza de Espa\u00f1a, lugar en el que los nazarenos se sueltan la cola rizada en se\u00f1al de luto hasta dar la vuelta a la plaza (conocida tambi\u00e9n como \u201cVuelta del Caracol\u201d).<\/p><p>\u00a0<\/p>\t\t\t\t\t\t\t\t<\/div>\n\t\t\t\t<\/div>\n\t\t\t\t\t<\/div>\n\t\t\t\t<\/div>\n\t\t\t\t<\/div>\n\t\t","protected":false},"excerpt":{"rendered":"<p>Existen testimonios hist\u00f3ricos de que la Hermandad efectuaba durante los siglos XVIII y XIX dos salidas procesionales: una el Mi\u00e9rcoles Santo en la que Nuestra Se\u00f1ora de los Dolores acompa\u00f1aba al Nazareno y otra el Viernes Santo que se describe como la procesi\u00f3n del Santo Entierro de Cristo. Las Reglas dedican un extenso cap\u00edtulo a [&hellip;]<\/p>\n","protected":false},"author":2,"featured_media":0,"parent":0,"menu_order":0,"comment_status":"closed","ping_status":"closed","template":"","meta":{"footnotes":""},"class_list":["post-158","page","type-page","status-publish","hentry"],"_links":{"self":[{"href":"https:\/\/miradyved.org\/index.php\/wp-json\/wp\/v2\/pages\/158","targetHints":{"allow":["GET"]}}],"collection":[{"href":"https:\/\/miradyved.org\/index.php\/wp-json\/wp\/v2\/pages"}],"about":[{"href":"https:\/\/miradyved.org\/index.php\/wp-json\/wp\/v2\/types\/page"}],"author":[{"embeddable":true,"href":"https:\/\/miradyved.org\/index.php\/wp-json\/wp\/v2\/users\/2"}],"replies":[{"embeddable":true,"href":"https:\/\/miradyved.org\/index.php\/wp-json\/wp\/v2\/comments?post=158"}],"version-history":[{"count":11,"href":"https:\/\/miradyved.org\/index.php\/wp-json\/wp\/v2\/pages\/158\/revisions"}],"predecessor-version":[{"id":715,"href":"https:\/\/miradyved.org\/index.php\/wp-json\/wp\/v2\/pages\/158\/revisions\/715"}],"wp:attachment":[{"href":"https:\/\/miradyved.org\/index.php\/wp-json\/wp\/v2\/media?parent=158"}],"curies":[{"name":"wp","href":"https:\/\/api.w.org\/{rel}","templated":true}]}}