{"id":465,"date":"2024-02-15T16:38:29","date_gmt":"2024-02-15T16:38:29","guid":{"rendered":"https:\/\/miradyved.ihermandad.es\/?page_id=465"},"modified":"2024-02-15T16:43:27","modified_gmt":"2024-02-15T16:43:27","slug":"fundacion-de-la-hermandad","status":"publish","type":"page","link":"https:\/\/miradyved.org\/index.php\/fundacion-de-la-hermandad\/","title":{"rendered":"FUNDACI\u00d3N DE LA HERMANDAD"},"content":{"rendered":"\t\t<div data-elementor-type=\"wp-page\" data-elementor-id=\"465\" class=\"elementor elementor-465\" data-elementor-post-type=\"page\">\n\t\t\t\t<div class=\"elementor-element elementor-element-4d7f459 e-flex e-con-boxed e-con e-parent\" data-id=\"4d7f459\" data-element_type=\"container\" data-e-type=\"container\">\n\t\t\t\t\t<div class=\"e-con-inner\">\n\t\t\t\t<div class=\"elementor-element elementor-element-139a770 elementor-widget elementor-widget-text-editor\" data-id=\"139a770\" data-element_type=\"widget\" data-e-type=\"widget\" data-widget_type=\"text-editor.default\">\n\t\t\t\t<div class=\"elementor-widget-container\">\n\t\t\t\t\t\t\t\t\t<figure id=\"attachment_132\" aria-describedby=\"caption-attachment-132\" style=\"width: 111px\" class=\"wp-caption alignleft\"><img decoding=\"async\" class=\"size-full wp-image-132\" src=\"https:\/\/miradyved.ihermandad.es\/wp-content\/uploads\/2023\/12\/Abad-Francisco-Rico-de-Villarroel.jpg\" alt=\"\" width=\"111\" height=\"134\" \/><figcaption id=\"caption-attachment-132\" class=\"wp-caption-text\">Abad Francisco Rico de Villarroel<\/figcaption><\/figure><p>Seg\u00fan consta en la edici\u00f3n original de las primeras Reglas que datan del a\u00f1o 1712, la Hermandad de Nuestro Padre Jes\u00fas Nazareno y Nuestra Se\u00f1ora de la Soledad fue fundada en ese mismo a\u00f1o por un grupo de hermanos de la Hermandad de la Santa Vera Cruz que declaran sus intenciones en un escrito que encabeza las mencionadas Reglas en el que solicitan al Abad Mayor de la Colegial de Olivares Dr. D. Francisco Rico Villarroel licencia para proceder a la fundaci\u00f3n de una Hermandad, manifestando que \u00ab\u2026 para m\u00e1s bien servir a Dios Nuestro Se\u00f1or y a la Virgen Santa Mar\u00eda su Madre y Nuestra Se\u00f1ora, hemos determinado fundar una Hermandad de Penitencia con el t\u00edtulo de Jes\u00fas Nazareno y Nuestra Se\u00f1ora de la Soledad, en memoria y contemplaci\u00f3n de la Pasi\u00f3n y muerte de Jesucristo nuestro bien, en el Paso de Nazareno cuando lo llevaron por la calle de la Amargura con la cruz a cuestas, y los Dolores que Nuestra Se\u00f1ora la Virgen Mar\u00eda pas\u00f3 viendo a su precioso Hijo y asimismo los que pas\u00f3 despu\u00e9s en su Soledad\u2026, siendo el fin y motivo de nuestra intenci\u00f3n que el Viernes Santo por la ma\u00f1ana salgamos en procesi\u00f3n por la estaci\u00f3n que acostumbra la Hermandad de la Santa Vera-Cruz con la imagen de Jes\u00fas Nazareno, la de la Virgen y del Evangelista San Juan, considerando su Soledad sant\u00edsima\u2026\u00bb, para lo cual necesitan que se funde una Hermandad y solicitan el benepl\u00e1cito del Sr. Abad a fin de poder llevar a cabo la mencionada fundaci\u00f3n y redactar sus primeras Reglas.<\/p><p>Por su parte, la autoridad eclesi\u00e1stica dio licencia para que se redactasen las Reglas fundacionales el dos de marzo de 1712 mediante un auto del Rvdmo. Abad Mayor ante el Notario Mayor eclesi\u00e1stico de la Abad\u00eda de Olivares D. Crist\u00f3bal Navarrete.<\/p><p>El grupo de hermanos fundadores que firman la solicitud antes mencionada est\u00e1 constituido en primer lugar por un numeroso grupo de cl\u00e9rigos de la Iglesia Colegial, a la cual la Hermandad aparece desde un principio estrechamente vinculada, y entre los que figuran don Jos\u00e9 Ortega Montero, dignidad de Tesorero, don Miguel de la Parra y don Agust\u00edn Alcaide, Can\u00f3nigos, don Bartolom\u00e9 Moreno, don Juan Antonio de Herrera y don Miguel Francisco Dontello, racioneros, junto con don Juan de la Fuente Mu\u00f1iz y don Crist\u00f3bal Navarro, presb\u00edteros y capellanes de dicha Iglesia. Figuran tambi\u00e9n los seglares don Juan Bernal Su\u00e1rez, Mayordomo de la Casa Ducal, Pedro Gonz\u00e1lez Perej\u00f3n, teniente de gobernador, Jos\u00e9 Delgado, don Benito Garc\u00eda Maldonado, Diego Mu\u00f1oz de la Fuente, don Nicol\u00e1s de Esquivel, Crist\u00f3bal Rom\u00e1n, Juan Rom\u00e1n de la Fuente, Juan Garc\u00eda Rom\u00e1n y Francisco D\u00edaz de la Fuente, todos vecinos de esta villa.<\/p><p><img decoding=\"async\" class=\"size-full wp-image-135 alignleft\" src=\"https:\/\/miradyved.ihermandad.es\/wp-content\/uploads\/2023\/12\/Capilla-de-los-Titulares.jpg\" alt=\"\" width=\"111\" height=\"125\" \/>Pocos d\u00edas despu\u00e9s de haber obtenido esta licencia, el once de marzo de 1712, se re\u00fanen para fundar la Hermandad y proceder a la elaboraci\u00f3n de las mencionadas Reglas que constan de treinta y siete cap\u00edtulos en los que se especifican las normas por las que \u00e9sta hab\u00eda de regirse en todo lo referente a su organizaci\u00f3n, cultos y funcionamiento interno.<\/p><p>En primer lugar, se ordena la fundaci\u00f3n de una Capilla donde se colocar\u00edan las Im\u00e1genes Titulares, para pasar seguidamente a establecer el modo de recibir nuevos hermanos que hab\u00edan de ser \u00ab\u2026 Cristianos Viejos, limpios de toda mala raza y de buena fama y costumbres\u2026\u00bb, estando obligados a pagar cierta cantidad de dinero por su admisi\u00f3n con la particularidad de que, en el caso de las hermanas, \u00e9sta resultaba ser algo m\u00e1s elevada que para los hermanos. Destaca asimismo el car\u00e1cter concepcionista y mariano que la Hermandad presenta desde sus inicios estableci\u00e9ndose como requisito final para ser admitido en ella jurar defender el Misterio de la Inmaculada Concepci\u00f3n de la Virgen Mar\u00eda, todo ello con m\u00e1s de un siglo de antelaci\u00f3n a la proclamaci\u00f3n solemne del Dogma por el Papa P\u00edo IX en 1854.<\/p><p>Con respecto a los cargos de gobierno de la Hermandad se establec\u00eda que adem\u00e1s del oficio de Hermano Mayor que hab\u00eda de ser ocupado por \u00ab\u2026 uno de nuestros eclesi\u00e1sticos perpetuamente\u2026\u00bb, formasen parte del mencionado gobierno dos Alcaldes, dos Diputados, dos Mayordomos y un Tesorero. La Regla encarec\u00eda por su parte a que se nombrasen para tales oficios \u00absujetos celosos e inteligentes para que no decaiga esta Hermandad\u00bb.<\/p><p><img decoding=\"async\" class=\"size-full wp-image-134 alignright\" src=\"https:\/\/miradyved.ihermandad.es\/wp-content\/uploads\/2023\/12\/Altar-del-Senor.jpg\" alt=\"\" width=\"111\" height=\"131\" \/>Es de destacar asimismo la especial preocupaci\u00f3n que la Hermandad sinti\u00f3 desde un principio por el deber cristiano de ejercitar la caridad para con el pr\u00f3jimo, figurando entre las obligaciones del cargo de Diputado la de cuidar de la asistencia a los hermanos y hermanas que estuviesen enfermos y ordenando que \u00ab\u2026 si fuesen pobres lo notificar\u00e1n a nuestro Hermano Mayor para que les libre alguna limosna del caudal de nuestra Hermandad para su socorro y alivio, y si se agravaren en su enfermedad nombrar\u00e1n cuatro de nuestras hermanas que los asistan y velen, y si durare m\u00e1s de una noche el enfermo, nombraren otras cuatro que le asistan, y as\u00ed en las dem\u00e1s noches mientras que falleciere o mejorare\u00bb.<br \/>Por otra parte, cada a\u00f1o deb\u00edan celebrarse dos Cabildos Generales, uno de elecciones el d\u00eda segundo de Pascua de Pentecost\u00e9s y otro el Domingo de Pasi\u00f3n a fin de tratar de la organizaci\u00f3n de las Procesiones de la Hermandad y para que \u00ab\u2026 por nuestro Hermano Mayor sean amonestados todos los hermanos para que cumplan con su obligaci\u00f3n de cristianos, confesando y comulgando, y a que perdonen a sus enemigos y se aparten de toda ocasi\u00f3n de culpa y ofensas de Dios, para que con mayor y m\u00e1s perfecta disposici\u00f3n puedan imitar a Nuestro Se\u00f1or Jes\u00fas, contemplando los pasos de su Sacrosanta Pasi\u00f3n, que hemos de traer a la memoria en nuestras Procesiones, exhortando que, para conseguirlo, pidan el favor y auxilio de Nuestra Madre y Se\u00f1ora de la Soledad, y encarg\u00e1ndoles el silencio y compostura exterior en las Procesiones, para que todo sea conforme a la imitaci\u00f3n de nuestro soberano Maestro\u00bb.<\/p><p><img loading=\"lazy\" decoding=\"async\" class=\"size-full wp-image-133 aligncenter\" src=\"https:\/\/miradyved.ihermandad.es\/wp-content\/uploads\/2023\/12\/Altar-de-la-Virgen.jpg\" alt=\"\" width=\"179\" height=\"239\" \/>Las Reglas dedican un extenso cap\u00edtulo a la forma que deb\u00eda guardarse en las procesiones del Viernes Santo tal y como reproducimos a continuaci\u00f3n:<br \/>\u00ab\u2026 en primer lugar la Manguilla acompa\u00f1ada de luces, y despu\u00e9s le seguir\u00e1 el Estandarte de tafet\u00e1n negro y Cruz roja, a quien se seguir\u00e1 el T\u00edtulo de la Santa Cruz y dem\u00e1s insignias de la Pasi\u00f3n, y despu\u00e9s ir\u00e1 el Paso con la Imagen de Jes\u00fas Nazareno acompa\u00f1\u00e1ndole doce cirios, e inmediatamente al Paso entraran los hermanos nuestros de Penitencia con sus t\u00fanicas moradas y una cruz al hombro, y despu\u00e9s de los nazarenos se seguir\u00e1 la imagen del Ap\u00f3stol San Juan, y sigui\u00e9ndose el acompa\u00f1amiento de luces, y despu\u00e9s la Cruz de la Parroquia, que para ello se convidar\u00e1 por nuestros hermanos los Mayordomos al se\u00f1or Cura de la Insigne Iglesia Colegial, Sacrist\u00e1n y dos Acompa\u00f1ados, y asimismo se convidar\u00e1 a la m\u00fasica que al presente hubiere en dicha Iglesia pagando su estipendio del caudal de nuestra Hermandad\u2026, y asimismo los derechos acostumbrados parroquiales y F\u00e1brica; y finalizar\u00e1 esta nuestra primera procesi\u00f3n la Imagen de Nuestra Se\u00f1ora con un escudo en el pecho con siete cuchillos, en memoria de los Dolores que traspasaron su Divino Coraz\u00f3n, advirtiendo que se hayan de hacer dos humillaciones, una a la salida en la Plaza y otra a la entrada de nuestra Capilla. Y para dar principio a dicha nuestra Procesi\u00f3n y que nuestros hermanos sean exhortados a la devoci\u00f3n y contemplaci\u00f3n ser\u00e1 convidado por nuestros hermanos los Alcaldes el Padre Predicador de Cuaresma que se hallare en esta Villa, y si no pudiere otro cualquiera\u2026, para que en nuestra Capilla nos predique el Serm\u00f3n de Pasi\u00f3n una hora antes de salir la Procesi\u00f3n. Y dicho d\u00eda por la tarde, despu\u00e9s de tinieblas, nos predicar\u00e1 asimismo Serm\u00f3n de Soledad\u2026 y al anochecer saldr\u00e1 nuestra segunda procesi\u00f3n de la Soledad, llevando las mismas insignias que por la ma\u00f1ana, y a esta procesi\u00f3n han de asistir precisamente nuestras hermanas, cuyo lugar ser\u00e1 inmediato a la manguilla hasta el Estandarte, llevando velas encendidas\u2026 y la hermana que no tuviere vela se le dar\u00e1 la cera que ha de estar prevenida\u2026, y despu\u00e9s se seguir\u00e1 el Paso de la Cruz al cual acompa\u00f1ar\u00e1n las hachas que pareciere conveniente a nuestra hermandad; e inmediatamente le seguir\u00e1 el Simpecado y las luces que fuere posible llevar hasta el Paso de Nuestra Sra. de la Soledad, con las circunstancias del convite de la Parroquia y M\u00fasica que en la primera Procesi\u00f3n\u2026\u00bb<\/p><p>\u00a0<\/p><p style=\"text-align: center;\">\u00a0<\/p>\t\t\t\t\t\t\t\t<\/div>\n\t\t\t\t<\/div>\n\t\t\t\t\t<\/div>\n\t\t\t\t<\/div>\n\t\t\t\t<\/div>\n\t\t","protected":false},"excerpt":{"rendered":"<p>Seg\u00fan consta en la edici\u00f3n original de las primeras Reglas que datan del a\u00f1o 1712, la Hermandad de Nuestro Padre Jes\u00fas Nazareno y Nuestra Se\u00f1ora de la Soledad fue fundada en ese mismo a\u00f1o por un grupo de hermanos de la Hermandad de la Santa Vera Cruz que declaran sus intenciones en un escrito que [&hellip;]<\/p>\n","protected":false},"author":2,"featured_media":0,"parent":0,"menu_order":0,"comment_status":"closed","ping_status":"closed","template":"","meta":{"footnotes":""},"class_list":["post-465","page","type-page","status-publish","hentry"],"_links":{"self":[{"href":"https:\/\/miradyved.org\/index.php\/wp-json\/wp\/v2\/pages\/465","targetHints":{"allow":["GET"]}}],"collection":[{"href":"https:\/\/miradyved.org\/index.php\/wp-json\/wp\/v2\/pages"}],"about":[{"href":"https:\/\/miradyved.org\/index.php\/wp-json\/wp\/v2\/types\/page"}],"author":[{"embeddable":true,"href":"https:\/\/miradyved.org\/index.php\/wp-json\/wp\/v2\/users\/2"}],"replies":[{"embeddable":true,"href":"https:\/\/miradyved.org\/index.php\/wp-json\/wp\/v2\/comments?post=465"}],"version-history":[{"count":3,"href":"https:\/\/miradyved.org\/index.php\/wp-json\/wp\/v2\/pages\/465\/revisions"}],"predecessor-version":[{"id":468,"href":"https:\/\/miradyved.org\/index.php\/wp-json\/wp\/v2\/pages\/465\/revisions\/468"}],"wp:attachment":[{"href":"https:\/\/miradyved.org\/index.php\/wp-json\/wp\/v2\/media?parent=465"}],"curies":[{"name":"wp","href":"https:\/\/api.w.org\/{rel}","templated":true}]}}