{"id":483,"date":"2024-02-16T14:26:40","date_gmt":"2024-02-16T14:26:40","guid":{"rendered":"https:\/\/miradyved.ihermandad.es\/?page_id=483"},"modified":"2024-02-16T14:29:51","modified_gmt":"2024-02-16T14:29:51","slug":"siglo-xx","status":"publish","type":"page","link":"https:\/\/miradyved.org\/index.php\/siglo-xx\/","title":{"rendered":"SIGLO XX"},"content":{"rendered":"\t\t<div data-elementor-type=\"wp-page\" data-elementor-id=\"483\" class=\"elementor elementor-483\" data-elementor-post-type=\"page\">\n\t\t\t\t<div class=\"elementor-element elementor-element-4d7f459 e-flex e-con-boxed e-con e-parent\" data-id=\"4d7f459\" data-element_type=\"container\" data-e-type=\"container\">\n\t\t\t\t\t<div class=\"e-con-inner\">\n\t\t\t\t<div class=\"elementor-element elementor-element-139a770 elementor-widget elementor-widget-text-editor\" data-id=\"139a770\" data-element_type=\"widget\" data-e-type=\"widget\" data-widget_type=\"text-editor.default\">\n\t\t\t\t<div class=\"elementor-widget-container\">\n\t\t\t\t\t\t\t\t\t<p>Una vez llegados a nuestro siglo, el primer documento que se conserva en la Hermandad son unas Reglas redactadas en 1908 que contienen principalmente un reglamento de orden interno que se\u00f1ala los derechos y obligaciones de los hermanos sin hacer referencia alguna al orden y disposici\u00f3n de la Cofrad\u00eda. Cinco a\u00f1os despu\u00e9s, en 1913, se acomete la primera restauraci\u00f3n de la Imagen de Nuestra Se\u00f1ora de los Dolores de que se tiene constancia. Dicha restauraci\u00f3n fue realizada en Sevilla en el taller de don Antonio Rold\u00e1n, conserv\u00e1ndose a\u00fan un trozo de tela que en aquella ocasi\u00f3n se adhiri\u00f3 al cuerpo de la Imagen y que reza as\u00ed: \u00abOriginal de la Roldana, restaurada por Antonio Rold\u00e1n en 1913\u00bb, sin que pretendamos otorgar a dicha atribuci\u00f3n m\u00e1s valor que el que realmente tiene. En el mes de junio del mismo a\u00f1o don Juan Garc\u00eda Mart\u00edn, cura p\u00e1rroco de esta villa, solicit\u00f3 ante el Sr. Arzobispo las facultades necesarias para bendecir de nuevo la imagen y exponerla a la veneraci\u00f3n de los fieles, procedi\u00e9ndose a la bendici\u00f3n en julio de este mismo a\u00f1o.<\/p><p><img fetchpriority=\"high\" decoding=\"async\" class=\"size-medium wp-image-137 aligncenter\" src=\"https:\/\/miradyved.ihermandad.es\/wp-content\/uploads\/2023\/12\/Cruz-de-Guia-2-300x204.jpg\" alt=\"\" width=\"300\" height=\"204\" srcset=\"https:\/\/miradyved.org\/wp-content\/uploads\/2023\/12\/Cruz-de-Guia-2-300x204.jpg 300w, https:\/\/miradyved.org\/wp-content\/uploads\/2023\/12\/Cruz-de-Guia-2.jpg 310w\" sizes=\"(max-width: 300px) 100vw, 300px\" \/><\/p><p>Es necesario se\u00f1alar, asimismo, que las primeras d\u00e9cadas del siglo XX acusan un cierto decaimiento en el esplendor del culto interno y externo de las Hermandades de esta Villa, pese a la cual la Cofrad\u00eda continu\u00f3 saliendo con regularidad el Viernes Santo seg\u00fan consta en las Actas Capitulares de la Hermandad, con la consiguiente supresi\u00f3n de la anterior salida del Mi\u00e9rcoles Santo y desfilando de esta forma todas las im\u00e1genes en un mismo cortejo procesional. De otra parte, se tiene noticia de que sigui\u00f3 celebr\u00e1ndose el Septenario a Nuestra Se\u00f1ora de los Dolores \u00abcon el mayor esplendor posible\u00bb, como lo atestigua el hecho de que se continuara contratando m\u00fasicos para tal fin por parte de la Junta de Gobierno. Por otra parte, en 1912 se acometi\u00f3 el arreglo y restauraci\u00f3n de los pasos que se hallaban algo deteriorados por su continuo uso.<\/p><p>Seg\u00fan consta en las Actas del a\u00f1o 1914, por estos a\u00f1os el orden de la Cofrad\u00eda era el siguiente: en primer lugar, el paso de Jes\u00fas Nazareno, seguido del sepulcro y la Santa Cruz, cerrando el cortejo el palio de la Stma. Virgen de los Dolores. La hora de salida eran las nueve de la noche, recorriendo la Cofrad\u00eda su estaci\u00f3n acostumbrada. Siguiendo con estas Actas, el primer Hermano Mayor de que tenemos noticia en el presente siglo es D. Jos\u00e9 Delgado Gonz\u00e1lez que aparece como tal desde 1913 a 1925, a\u00f1o en el que el cargo es ocupado por don Pedro Montero, si bien pudieron ocupar el cargo otras personas en el per\u00edodo que media entre ambos e incluso con anterioridad al primero, circunstancia \u00e9sta que no ha podido comprobarse debido al deterioro de la documentaci\u00f3n. Esto mismo impide un mejor conocimiento de la vida de la Hermandad durante los a\u00f1os 30. S\u00f3lo tenemos noticia de que en este per\u00edodo el Hermano Mayor es don Victoriano Mar\u00edn Gonz\u00e1lez y que hasta su reorganizaci\u00f3n, \u00e9sta pasa por las l\u00f3gicas dificultades derivadas de los problemas existentes en la Espa\u00f1a del momento. Del per\u00edodo 1929-1944 se conservan algunos recibos que muestran c\u00f3mo la vida de la Hermandad no se interrumpe a pesar de circunstancias adversas. Por su parte, la tradici\u00f3n oral que ha llegado hasta nosotros afirma que la Cofrad\u00eda continu\u00f3 saliendo durante esos a\u00f1os.<\/p>\t\t\t\t\t\t\t\t<\/div>\n\t\t\t\t<\/div>\n\t\t\t\t\t<\/div>\n\t\t\t\t<\/div>\n\t\t\t\t<\/div>\n\t\t","protected":false},"excerpt":{"rendered":"<p>Una vez llegados a nuestro siglo, el primer documento que se conserva en la Hermandad son unas Reglas redactadas en 1908 que contienen principalmente un reglamento de orden interno que se\u00f1ala los derechos y obligaciones de los hermanos sin hacer referencia alguna al orden y disposici\u00f3n de la Cofrad\u00eda. Cinco a\u00f1os despu\u00e9s, en 1913, se [&hellip;]<\/p>\n","protected":false},"author":2,"featured_media":0,"parent":0,"menu_order":0,"comment_status":"closed","ping_status":"closed","template":"","meta":{"footnotes":""},"class_list":["post-483","page","type-page","status-publish","hentry"],"_links":{"self":[{"href":"https:\/\/miradyved.org\/index.php\/wp-json\/wp\/v2\/pages\/483","targetHints":{"allow":["GET"]}}],"collection":[{"href":"https:\/\/miradyved.org\/index.php\/wp-json\/wp\/v2\/pages"}],"about":[{"href":"https:\/\/miradyved.org\/index.php\/wp-json\/wp\/v2\/types\/page"}],"author":[{"embeddable":true,"href":"https:\/\/miradyved.org\/index.php\/wp-json\/wp\/v2\/users\/2"}],"replies":[{"embeddable":true,"href":"https:\/\/miradyved.org\/index.php\/wp-json\/wp\/v2\/comments?post=483"}],"version-history":[{"count":7,"href":"https:\/\/miradyved.org\/index.php\/wp-json\/wp\/v2\/pages\/483\/revisions"}],"predecessor-version":[{"id":491,"href":"https:\/\/miradyved.org\/index.php\/wp-json\/wp\/v2\/pages\/483\/revisions\/491"}],"wp:attachment":[{"href":"https:\/\/miradyved.org\/index.php\/wp-json\/wp\/v2\/media?parent=483"}],"curies":[{"name":"wp","href":"https:\/\/api.w.org\/{rel}","templated":true}]}}