{"id":620,"date":"2024-02-17T16:10:38","date_gmt":"2024-02-17T16:10:38","guid":{"rendered":"https:\/\/miradyved.ihermandad.es\/?page_id=620"},"modified":"2024-08-28T17:20:49","modified_gmt":"2024-08-28T17:20:49","slug":"paso-de-la-santisima-virgen","status":"publish","type":"page","link":"https:\/\/miradyved.org\/index.php\/paso-de-la-santisima-virgen\/","title":{"rendered":"PASO DE LA SANT\u00cdSIMA VIRGEN"},"content":{"rendered":"\t\t<div data-elementor-type=\"wp-page\" data-elementor-id=\"620\" class=\"elementor elementor-620\" data-elementor-post-type=\"page\">\n\t\t\t\t<div class=\"elementor-element elementor-element-f17cac0 e-flex e-con-boxed e-con e-parent\" data-id=\"f17cac0\" data-element_type=\"container\" data-e-type=\"container\">\n\t\t\t\t\t<div class=\"e-con-inner\">\n\t\t\t\t<div class=\"elementor-element elementor-element-9b6e385 elementor-widget elementor-widget-text-editor\" data-id=\"9b6e385\" data-element_type=\"widget\" data-e-type=\"widget\" data-widget_type=\"text-editor.default\">\n\t\t\t\t<div class=\"elementor-widget-container\">\n\t\t\t\t\t\t\t\t\t<p><img fetchpriority=\"high\" decoding=\"async\" class=\"wp-image-7489 size-medium alignleft\" src=\"https:\/\/miradyved.ihermandad.es\/wp-content\/uploads\/2024\/08\/foto1-199x300.jpg\" alt=\"\" width=\"199\" height=\"300\" srcset=\"https:\/\/miradyved.org\/wp-content\/uploads\/2024\/08\/foto1-199x300.jpg 199w, https:\/\/miradyved.org\/wp-content\/uploads\/2024\/08\/foto1-680x1024.jpg 680w, https:\/\/miradyved.org\/wp-content\/uploads\/2024\/08\/foto1-768x1157.jpg 768w, https:\/\/miradyved.org\/wp-content\/uploads\/2024\/08\/foto1-1020x1536.jpg 1020w, https:\/\/miradyved.org\/wp-content\/uploads\/2024\/08\/foto1.jpg 1062w\" sizes=\"(max-width: 199px) 100vw, 199px\" \/>En el libro de actas de la Hermandad de 1712 a 1753, recogido por Don Antonio Gonz\u00e1lez Polvillo en su interesante libro\u00a0<em>Or\u00edgenes de la Hermandad de Nuestro Padre Jes\u00fas Nazareno y Nuestra Se\u00f1ora de la Soledad de la villa condal de Olivares,<\/em>\u00a0publicado en 2012, aparece el encargo por parte de la Hermandad en 1729 de un paso para la Stma. Virgen a Don Jos\u00e9 Fernando de Medinilla, maestro escultor de Sevilla, que se compon\u00eda de palio con ca\u00eddas de tafet\u00e1n negro con forro de holandilla, crester\u00eda forrada de terciopelo negro y flecos negros y diez varales con remates de bronce dorado al fuego. En el paso figuraban adem\u00e1s siete angelotes con atributos de la pasi\u00f3n, obra, probablemente, del mismo autor. El paso ten\u00eda cuatro brazos forrados en negro para ser portado a hombros por sus Hermanos. No se conserva nada de este primer paso ni de los que le siguieran. Tampoco tenemos constancia gr\u00e1fica del paso de palio de Nuestra Se\u00f1ora de los Dolores antes de la reorganizaci\u00f3n de los a\u00f1os cuarenta, cuando se concibi\u00f3 un nuevo paso. Era este de reducidas proporciones \u2013como las del anterior, posiblemente-, pues la Virgen estaba presente en el altar mayor de la parroquia durante el Serm\u00f3n del Descendimiento en la tarde del Viernes Santo y deb\u00eda pasar por los arcos del Sagrario, que comunican con el trascoro. Para este paso ejecut\u00f3 el bordador Guillermo Carrasquilla un palio con ca\u00eddas bordadas en oro sobre terciopelo negro, utilizando para el techo los bordados del manto de camar\u00edn que la bordadora Patrocinio L\u00f3pez hab\u00eda bordado en 1859. Los varales y la orfebrer\u00eda eran de escaso valor art\u00edstico, y el conjunto resultaba poco adecuado para la imagen de la Virgen.<\/p><p><img decoding=\"async\" class=\"size-full wp-image-624 alignright\" src=\"https:\/\/miradyved.ihermandad.es\/wp-content\/uploads\/2024\/02\/Paso-de-la-Virgen-2.jpg\" alt=\"\" width=\"200\" height=\"178\" \/>En la d\u00e9cada de los a\u00f1os 60 del siglo XX, la Hermandad decide acometer el proyecto de un nuevo paso de palio de mayores proporciones, bajo la direcci\u00f3n art\u00edstica de D. Mill\u00e1n Delgado, quien encarg\u00f3 a Cayetano Gonz\u00e1lez el dise\u00f1o de los nuevos varales, labrados por Jos\u00e9 Jim\u00e9nez Jim\u00e9nez. Este mismo orfebre realiz\u00f3 los faroles de entrevarales, las jarras, la candeler\u00eda y la corona de la Virgen, de estilo dieciochesco antequerano, estrenada en 1995. Actualmente luce la llamada \u00abcorona del Centenario\u00bb, similar a la anterior y realizada con las aportaciones de sus innumerables devotos en 2012 por Orfebrer\u00eda Triana.\u00a0 En cuanto a los bordados, el palio ha sido confeccionado en los talleres de Caro: el techo, bordado en oro sobre terciopelo negro fue dise\u00f1ado y bordado por Jos\u00e9 Manuel Elena en 1986; las bambalinas o ca\u00eddas fueron bordadas sobre terciopelo burdeos entre 2010 y 2012, seg\u00fan dise\u00f1o de Luis Becerra V\u00e1zquez, inspirado en los motivos ornamentales del retablo de la Stma. Virgen y en el rico ajuar lit\u00fargico de la Colegial. Estas ca\u00eddas han sustituido a las que bord\u00f3 G. Carrasquilla en 1947, pasadas a nuevo terciopelo y enriquecidas por Caro en 1980, y que ahora posee la Hermandad de la Oraci\u00f3n en el Huerto de Dos Hermanas. En 1993 se estren\u00f3 el nuevo manto procesional, bordado tambi\u00e9n en el taller de Caro, siguiendo las trazas del anterior, de principios del siglo XX. Con las piezas del antiguo manto, se confeccionaron la saya de salida y un manto morado para el septenario en 1994.<\/p><p><img decoding=\"async\" class=\"size-full wp-image-625 alignleft\" src=\"https:\/\/miradyved.ihermandad.es\/wp-content\/uploads\/2024\/02\/Paso-de-la-Virgen-3.jpg\" alt=\"\" width=\"200\" height=\"133\" \/>Los respiraderos, estrenados en 2007, son obra de Orfebrer\u00eda Triana y del taller de bordados de Sobrinos de Esperanza Elena caro, siguiendo un dise\u00f1o original de don Luis Becerra V\u00e1zquez. La pieza se compone de trece pa\u00f1os bordados sobre terciopelo y malla de oro. La parte inferior de cada pa\u00f1o se monta sobre malla de bolillo, de cierre denominado \u201cpunto de la Virgen\u201d, y la parte superior sobre terciopelo granate. La malla est\u00e1 enmarcada en la parte inferior por roscos a modo de gal\u00f3n con filo de cartulina y en la parte superior por dos \u201cquimeras\u201d o cabezas de le\u00f3n, piezas tejidas de muestra con filo de hojilla, rematados con pieza escamada y recogido todo el conjunto con lazos de milan\u00e9 azul. En el centro de cada pa\u00f1o se sit\u00faa una cartela, siete de las cuales est\u00e1n bordadas en seda, representando los Siete Dolores de la Virgen, y los seis restantes entonan la primera estrofa del \u201cStabat mater\u201d: \u201cStabat mater dolorosa iuxta crucem lacrimosa\u201d.\u00a0Todo el conjunto se monta sobre un baquet\u00f3n de plata repujada del que parten las m\u00e9nsulas o colgantes que enmarcan los pa\u00f1os bordados y sirven de base arquitect\u00f3nica a los varales. Sobre las dos delanteras van dos faroles en plata repujada, de forme piramidal, estrenados en 2008. [Ampliar informaci\u00f3n]<\/p><p><img loading=\"lazy\" decoding=\"async\" class=\"size-full wp-image-626 alignright\" src=\"https:\/\/miradyved.ihermandad.es\/wp-content\/uploads\/2024\/02\/Paso-de-la-Virgen-4.jpg\" alt=\"\" width=\"200\" height=\"133\" \/>En esta obra destacamos las escenas en miniatura bordadas en seda de las cartelas centrales y los lazos bordados en milan\u00e9 a un solo cabo en diversas tonalidades de color azul celeste. Las cabezas de los leones o \u201cquimeras\u201d son un resumen de formas interpretativas del bordado: cabezas de cord\u00f3n a un cabo, cartulinas montadas con distintos materiales y listadas y pelo de lentejuela escamada. La parte superior de la cabeza y el cuerpo, se montan sobre \u201cparedillas\u201d de torzal.<\/p>\t\t\t\t\t\t\t\t<\/div>\n\t\t\t\t<\/div>\n\t\t\t\t\t<\/div>\n\t\t\t\t<\/div>\n\t\t\t\t<\/div>\n\t\t","protected":false},"excerpt":{"rendered":"<p>En el libro de actas de la Hermandad de 1712 a 1753, recogido por Don Antonio Gonz\u00e1lez Polvillo en su interesante libro\u00a0Or\u00edgenes de la Hermandad de Nuestro Padre Jes\u00fas Nazareno y Nuestra Se\u00f1ora de la Soledad de la villa condal de Olivares,\u00a0publicado en 2012, aparece el encargo por parte de la Hermandad en 1729 de [&hellip;]<\/p>\n","protected":false},"author":2,"featured_media":0,"parent":0,"menu_order":0,"comment_status":"closed","ping_status":"closed","template":"","meta":{"footnotes":""},"class_list":["post-620","page","type-page","status-publish","hentry"],"_links":{"self":[{"href":"https:\/\/miradyved.org\/index.php\/wp-json\/wp\/v2\/pages\/620","targetHints":{"allow":["GET"]}}],"collection":[{"href":"https:\/\/miradyved.org\/index.php\/wp-json\/wp\/v2\/pages"}],"about":[{"href":"https:\/\/miradyved.org\/index.php\/wp-json\/wp\/v2\/types\/page"}],"author":[{"embeddable":true,"href":"https:\/\/miradyved.org\/index.php\/wp-json\/wp\/v2\/users\/2"}],"replies":[{"embeddable":true,"href":"https:\/\/miradyved.org\/index.php\/wp-json\/wp\/v2\/comments?post=620"}],"version-history":[{"count":7,"href":"https:\/\/miradyved.org\/index.php\/wp-json\/wp\/v2\/pages\/620\/revisions"}],"predecessor-version":[{"id":7492,"href":"https:\/\/miradyved.org\/index.php\/wp-json\/wp\/v2\/pages\/620\/revisions\/7492"}],"wp:attachment":[{"href":"https:\/\/miradyved.org\/index.php\/wp-json\/wp\/v2\/media?parent=620"}],"curies":[{"name":"wp","href":"https:\/\/api.w.org\/{rel}","templated":true}]}}

PASO DE LA SANTÍSIMA VIRGEN

<div data-elementor-type="wp-page" data-elementor-id="620" class="elementor elementor-620" data-elementor-post-type="page">
				<div class="elementor-element elementor-element-f17cac0 e-flex e-con-boxed e-con e-parent" data-id="f17cac0" data-element_type="container" data-e-type="container">
					<div class="e-con-inner">
				<div class="elementor-element elementor-element-9b6e385 elementor-widget elementor-widget-text-editor" data-id="9b6e385" data-element_type="widget" data-e-type="widget" data-widget_type="text-editor.default">
				<div class="elementor-widget-container">
									<p><img fetchpriority="high" decoding="async" class="wp-image-7489 size-medium alignleft" src="https://miradyved.ihermandad.es/wp-content/uploads/2024/08/foto1-199x300.jpg" alt="" width="199" height="300" srcset="https://miradyved.org/wp-content/uploads/2024/08/foto1-199x300.jpg 199w, https://miradyved.org/wp-content/uploads/2024/08/foto1-680x1024.jpg 680w, https://miradyved.org/wp-content/uploads/2024/08/foto1-768x1157.jpg 768w, https://miradyved.org/wp-content/uploads/2024/08/foto1-1020x1536.jpg 1020w, https://miradyved.org/wp-content/uploads/2024/08/foto1.jpg 1062w" sizes="(max-width: 199px) 100vw, 199px" />En el libro de actas de la Hermandad de 1712 a 1753, recogido por Don Antonio González Polvillo en su interesante libro <em>Orígenes de la Hermandad de Nuestro Padre Jesús Nazareno y Nuestra Señora de la Soledad de la villa condal de Olivares,</em> publicado en 2012, aparece el encargo por parte de la Hermandad en 1729 de un paso para la Stma. Virgen a Don José Fernando de Medinilla, maestro escultor de Sevilla, que se componía de palio con caídas de tafetán negro con forro de holandilla, crestería forrada de terciopelo negro y flecos negros y diez varales con remates de bronce dorado al fuego. En el paso figuraban además siete angelotes con atributos de la pasión, obra, probablemente, del mismo autor. El paso tenía cuatro brazos forrados en negro para ser portado a hombros por sus Hermanos. No se conserva nada de este primer paso ni de los que le siguieran. Tampoco tenemos constancia gráfica del paso de palio de Nuestra Señora de los Dolores antes de la reorganización de los años cuarenta, cuando se concibió un nuevo paso. Era este de reducidas proporciones –como las del anterior, posiblemente-, pues la Virgen estaba presente en el altar mayor de la parroquia durante el Sermón del Descendimiento en la tarde del Viernes Santo y debía pasar por los arcos del Sagrario, que comunican con el trascoro. Para este paso ejecutó el bordador Guillermo Carrasquilla un palio con caídas bordadas en oro sobre terciopelo negro, utilizando para el techo los bordados del manto de camarín que la bordadora Patrocinio López había bordado en 1859. Los varales y la orfebrería eran de escaso valor artístico, y el conjunto resultaba poco adecuado para la imagen de la Virgen.</p><p><img decoding="async" class="size-full wp-image-624 alignright" src="https://miradyved.ihermandad.es/wp-content/uploads/2024/02/Paso-de-la-Virgen-2.jpg" alt="" width="200" height="178" />En la década de los años 60 del siglo XX, la Hermandad decide acometer el proyecto de un nuevo paso de palio de mayores proporciones, bajo la dirección artística de D. Millán Delgado, quien encargó a Cayetano González el diseño de los nuevos varales, labrados por José Jiménez Jiménez. Este mismo orfebre realizó los faroles de entrevarales, las jarras, la candelería y la corona de la Virgen, de estilo dieciochesco antequerano, estrenada en 1995. Actualmente luce la llamada «corona del Centenario», similar a la anterior y realizada con las aportaciones de sus innumerables devotos en 2012 por Orfebrería Triana.  En cuanto a los bordados, el palio ha sido confeccionado en los talleres de Caro: el techo, bordado en oro sobre terciopelo negro fue diseñado y bordado por José Manuel Elena en 1986; las bambalinas o caídas fueron bordadas sobre terciopelo burdeos entre 2010 y 2012, según diseño de Luis Becerra Vázquez, inspirado en los motivos ornamentales del retablo de la Stma. Virgen y en el rico ajuar litúrgico de la Colegial. Estas caídas han sustituido a las que bordó G. Carrasquilla en 1947, pasadas a nuevo terciopelo y enriquecidas por Caro en 1980, y que ahora posee la Hermandad de la Oración en el Huerto de Dos Hermanas. En 1993 se estrenó el nuevo manto procesional, bordado también en el taller de Caro, siguiendo las trazas del anterior, de principios del siglo XX. Con las piezas del antiguo manto, se confeccionaron la saya de salida y un manto morado para el septenario en 1994.</p><p><img decoding="async" class="size-full wp-image-625 alignleft" src="https://miradyved.ihermandad.es/wp-content/uploads/2024/02/Paso-de-la-Virgen-3.jpg" alt="" width="200" height="133" />Los respiraderos, estrenados en 2007, son obra de Orfebrería Triana y del taller de bordados de Sobrinos de Esperanza Elena caro, siguiendo un diseño original de don Luis Becerra Vázquez. La pieza se compone de trece paños bordados sobre terciopelo y malla de oro. La parte inferior de cada paño se monta sobre malla de bolillo, de cierre denominado “punto de la Virgen”, y la parte superior sobre terciopelo granate. La malla está enmarcada en la parte inferior por roscos a modo de galón con filo de cartulina y en la parte superior por dos “quimeras” o cabezas de león, piezas tejidas de muestra con filo de hojilla, rematados con pieza escamada y recogido todo el conjunto con lazos de milané azul. En el centro de cada paño se sitúa una cartela, siete de las cuales están bordadas en seda, representando los Siete Dolores de la Virgen, y los seis restantes entonan la primera estrofa del “Stabat mater”: “Stabat mater dolorosa iuxta crucem lacrimosa”. Todo el conjunto se monta sobre un baquetón de plata repujada del que parten las ménsulas o colgantes que enmarcan los paños bordados y sirven de base arquitectónica a los varales. Sobre las dos delanteras van dos faroles en plata repujada, de forme piramidal, estrenados en 2008. [Ampliar información]</p><p><img loading="lazy" decoding="async" class="size-full wp-image-626 alignright" src="https://miradyved.ihermandad.es/wp-content/uploads/2024/02/Paso-de-la-Virgen-4.jpg" alt="" width="200" height="133" />En esta obra destacamos las escenas en miniatura bordadas en seda de las cartelas centrales y los lazos bordados en milané a un solo cabo en diversas tonalidades de color azul celeste. Las cabezas de los leones o “quimeras” son un resumen de formas interpretativas del bordado: cabezas de cordón a un cabo, cartulinas montadas con distintos materiales y listadas y pelo de lentejuela escamada. La parte superior de la cabeza y el cuerpo, se montan sobre “paredillas” de torzal.</p>								</div>
				</div>
					</div>
				</div>
				</div>

<p>En el libro de actas de la Hermandad de 1712 a 1753, recogido por Don Antonio González Polvillo en su interesante libro Orígenes de la Hermandad de Nuestro Padre Jesús Nazareno y Nuestra Señora de la Soledad de la villa condal de Olivares, publicado en 2012, aparece el encargo por parte de la Hermandad en 1729 de [&hellip;]</p>
