{"id":646,"date":"2024-02-17T16:42:12","date_gmt":"2024-02-17T16:42:12","guid":{"rendered":"https:\/\/miradyved.ihermandad.es\/?page_id=646"},"modified":"2024-02-17T16:46:33","modified_gmt":"2024-02-17T16:46:33","slug":"capilla-de-nuestra-senora-de-los-dolores","status":"publish","type":"page","link":"https:\/\/miradyved.org\/index.php\/capilla-de-nuestra-senora-de-los-dolores\/","title":{"rendered":"CAPILLA DE NUESTRA SE\u00d1ORA DE LOS DOLORES"},"content":{"rendered":"\t\t<div data-elementor-type=\"wp-page\" data-elementor-id=\"646\" class=\"elementor elementor-646\" data-elementor-post-type=\"page\">\n\t\t\t\t<div class=\"elementor-element elementor-element-0e0ff3d e-flex e-con-boxed e-con e-parent\" data-id=\"0e0ff3d\" data-element_type=\"container\" data-e-type=\"container\">\n\t\t\t\t\t<div class=\"e-con-inner\">\n\t\t\t\t<div class=\"elementor-element elementor-element-14baf9e elementor-widget elementor-widget-text-editor\" data-id=\"14baf9e\" data-element_type=\"widget\" data-e-type=\"widget\" data-widget_type=\"text-editor.default\">\n\t\t\t\t<div class=\"elementor-widget-container\">\n\t\t\t\t\t\t\t\t\t<p>\u00a0<\/p><p>La Virgen de los Dolores recibe culto en una suntuosa capilla situada en el trascoro a los pies del templo en la nave de la ep\u00edstola, cuya construcci\u00f3n, aunque no est\u00e1 documentada, debi\u00f3 efectuarse entre los a\u00f1os 1712 y 1740, pues poco antes de esta fecha aparece mencionada en el testamento del abad Lu\u00eds F. S\u00e1nchez Duro de Velasco. Est\u00e1 cerrada con reja de hierro a media altura, y es de planta cuadrangular cubierta con c\u00fapula y linterna, sobre cuatro grandes arcadas, comunicando las dos laterales con las capillas sacramental y bautismal respectivamente. Por su amplitud ha sido utilizada con frecuencia para celebrar en ella los oficios religiosos cuando han tenido lugar obras de importancia en el presbiterio, como sabemos por ejemplo que ocurri\u00f3 en el a\u00f1o 1779.<\/p><p><img decoding=\"async\" class=\"size-full wp-image-89 aligncenter\" src=\"https:\/\/miradyved.ihermandad.es\/wp-content\/uploads\/2023\/12\/Retablo-de-la-Santisima-Virgen.jpg\" alt=\"\" width=\"150\" height=\"101\" \/>De gran inter\u00e9s son las pinturas murales que recubren en el interior los muros y la c\u00fapula, con la representaci\u00f3n en la parte baja de un completo apostolado, pabellones con figuras ang\u00e9licas sobre los arcos, mientras que en la c\u00fapula, separados por fingidos pilares y en el interior de hornacinas igualmente simuladas aparecen ocho figuras de arc\u00e1ngeles, y en las pechinas la representaci\u00f3n de los cuatro evangelistas: a pesar de su deterioro, puede observarse una calidad muy estimable en este conjunto pict\u00f3rico, que es de autor\u00eda an\u00f3nima y puede fecharse, rectificando as\u00ed una apreciaci\u00f3n nuestra anterior, en la segunda mitad del siglo XVIII.<\/p><p>Igualmente, interesante, tanto por su original dise\u00f1o como por la calidad de la talla y la ornamentaci\u00f3n, es el retablo que da cobijo a la imagen de la Sant\u00edsima Virgen, obra igualmente an\u00f3nima y datable entre los a\u00f1os 1750 y 1760. Ha sido atribuido por el profesor F. J. Herrera a Manuel Garc\u00eda de Santiago por la similitud con otras obras de su mano, artista por otra parte muy vinculado por otros trabajos tanto a la Hermandad como a la Colegiata: la hornacina central es un aut\u00e9ntico camar\u00edn, realizado a base de est\u00edpites, guirnaldas, \u00e1ngeles y formas mixtil\u00edneas, mientras que en el \u00e1tico Figura un relieve policromado con el tema de Jes\u00fas orando en el huerto, y rematando todo el conjunto un coraz\u00f3n tallado con siete pu\u00f1ales que hace referencia a la advocaci\u00f3n de la Virgen.<\/p>\t\t\t\t\t\t\t\t<\/div>\n\t\t\t\t<\/div>\n\t\t\t\t\t<\/div>\n\t\t\t\t<\/div>\n\t\t\t\t<\/div>\n\t\t","protected":false},"excerpt":{"rendered":"<p>\u00a0 La Virgen de los Dolores recibe culto en una suntuosa capilla situada en el trascoro a los pies del templo en la nave de la ep\u00edstola, cuya construcci\u00f3n, aunque no est\u00e1 documentada, debi\u00f3 efectuarse entre los a\u00f1os 1712 y 1740, pues poco antes de esta fecha aparece mencionada en el testamento del abad Lu\u00eds [&hellip;]<\/p>\n","protected":false},"author":2,"featured_media":0,"parent":0,"menu_order":0,"comment_status":"closed","ping_status":"closed","template":"","meta":{"footnotes":""},"class_list":["post-646","page","type-page","status-publish","hentry"],"_links":{"self":[{"href":"https:\/\/miradyved.org\/index.php\/wp-json\/wp\/v2\/pages\/646","targetHints":{"allow":["GET"]}}],"collection":[{"href":"https:\/\/miradyved.org\/index.php\/wp-json\/wp\/v2\/pages"}],"about":[{"href":"https:\/\/miradyved.org\/index.php\/wp-json\/wp\/v2\/types\/page"}],"author":[{"embeddable":true,"href":"https:\/\/miradyved.org\/index.php\/wp-json\/wp\/v2\/users\/2"}],"replies":[{"embeddable":true,"href":"https:\/\/miradyved.org\/index.php\/wp-json\/wp\/v2\/comments?post=646"}],"version-history":[{"count":4,"href":"https:\/\/miradyved.org\/index.php\/wp-json\/wp\/v2\/pages\/646\/revisions"}],"predecessor-version":[{"id":651,"href":"https:\/\/miradyved.org\/index.php\/wp-json\/wp\/v2\/pages\/646\/revisions\/651"}],"wp:attachment":[{"href":"https:\/\/miradyved.org\/index.php\/wp-json\/wp\/v2\/media?parent=646"}],"curies":[{"name":"wp","href":"https:\/\/api.w.org\/{rel}","templated":true}]}}

CAPILLA DE NUESTRA SEÑORA DE LOS DOLORES

<div data-elementor-type="wp-page" data-elementor-id="646" class="elementor elementor-646" data-elementor-post-type="page">
				<div class="elementor-element elementor-element-0e0ff3d e-flex e-con-boxed e-con e-parent" data-id="0e0ff3d" data-element_type="container" data-e-type="container">
					<div class="e-con-inner">
				<div class="elementor-element elementor-element-14baf9e elementor-widget elementor-widget-text-editor" data-id="14baf9e" data-element_type="widget" data-e-type="widget" data-widget_type="text-editor.default">
				<div class="elementor-widget-container">
									<p> </p><p>La Virgen de los Dolores recibe culto en una suntuosa capilla situada en el trascoro a los pies del templo en la nave de la epístola, cuya construcción, aunque no está documentada, debió efectuarse entre los años 1712 y 1740, pues poco antes de esta fecha aparece mencionada en el testamento del abad Luís F. Sánchez Duro de Velasco. Está cerrada con reja de hierro a media altura, y es de planta cuadrangular cubierta con cúpula y linterna, sobre cuatro grandes arcadas, comunicando las dos laterales con las capillas sacramental y bautismal respectivamente. Por su amplitud ha sido utilizada con frecuencia para celebrar en ella los oficios religiosos cuando han tenido lugar obras de importancia en el presbiterio, como sabemos por ejemplo que ocurrió en el año 1779.</p><p><img decoding="async" class="size-full wp-image-89 aligncenter" src="https://miradyved.ihermandad.es/wp-content/uploads/2023/12/Retablo-de-la-Santisima-Virgen.jpg" alt="" width="150" height="101" />De gran interés son las pinturas murales que recubren en el interior los muros y la cúpula, con la representación en la parte baja de un completo apostolado, pabellones con figuras angélicas sobre los arcos, mientras que en la cúpula, separados por fingidos pilares y en el interior de hornacinas igualmente simuladas aparecen ocho figuras de arcángeles, y en las pechinas la representación de los cuatro evangelistas: a pesar de su deterioro, puede observarse una calidad muy estimable en este conjunto pictórico, que es de autoría anónima y puede fecharse, rectificando así una apreciación nuestra anterior, en la segunda mitad del siglo XVIII.</p><p>Igualmente, interesante, tanto por su original diseño como por la calidad de la talla y la ornamentación, es el retablo que da cobijo a la imagen de la Santísima Virgen, obra igualmente anónima y datable entre los años 1750 y 1760. Ha sido atribuido por el profesor F. J. Herrera a Manuel García de Santiago por la similitud con otras obras de su mano, artista por otra parte muy vinculado por otros trabajos tanto a la Hermandad como a la Colegiata: la hornacina central es un auténtico camarín, realizado a base de estípites, guirnaldas, ángeles y formas mixtilíneas, mientras que en el ático Figura un relieve policromado con el tema de Jesús orando en el huerto, y rematando todo el conjunto un corazón tallado con siete puñales que hace referencia a la advocación de la Virgen.</p>								</div>
				</div>
					</div>
				</div>
				</div>

<p>  La Virgen de los Dolores recibe culto en una suntuosa capilla situada en el trascoro a los pies del templo en la nave de la epístola, cuya construcción, aunque no está documentada, debió efectuarse entre los años 1712 y 1740, pues poco antes de esta fecha aparece mencionada en el testamento del abad Luís [&hellip;]</p>
