{"id":8179,"date":"2026-02-09T06:35:05","date_gmt":"2026-02-09T06:35:05","guid":{"rendered":"https:\/\/miradyved.org\/?page_id=8179"},"modified":"2026-03-24T12:08:25","modified_gmt":"2026-03-24T12:08:25","slug":"papeletas-de-sitio","status":"publish","type":"page","link":"https:\/\/miradyved.org\/index.php\/papeletas-de-sitio\/","title":{"rendered":"PUESTOS DE LA COFRAD\u00cdA"},"content":{"rendered":"\t\t<div data-elementor-type=\"wp-page\" data-elementor-id=\"8179\" class=\"elementor elementor-8179\" data-elementor-post-type=\"page\">\n\t\t\t\t<div class=\"elementor-element elementor-element-4c2ed44 e-flex e-con-boxed e-con e-parent\" data-id=\"4c2ed44\" data-element_type=\"container\" data-e-type=\"container\">\n\t\t\t\t\t<div class=\"e-con-inner\">\n\t\t\t\t<div class=\"elementor-element elementor-element-7a3f341 elementor-widget elementor-widget-heading\" data-id=\"7a3f341\" data-element_type=\"widget\" data-e-type=\"widget\" data-widget_type=\"heading.default\">\n\t\t\t\t<div class=\"elementor-widget-container\">\n\t\t\t\t\t<h2 class=\"elementor-heading-title elementor-size-default\">Consulta aqu\u00ed tu puesto en la cofrad\u00eda<\/h2>\t\t\t\t<\/div>\n\t\t\t\t<\/div>\n\t\t\t\t\t<\/div>\n\t\t\t\t<\/div>\n\t\t<div class=\"elementor-element elementor-element-d702635 e-flex e-con-boxed e-con e-parent\" data-id=\"d702635\" data-element_type=\"container\" data-e-type=\"container\">\n\t\t\t\t\t<div class=\"e-con-inner\">\n\t\t\t\t<div class=\"elementor-element elementor-element-00adb05 elementor-widget elementor-widget-text-editor\" data-id=\"00adb05\" data-element_type=\"widget\" data-e-type=\"widget\" data-widget_type=\"text-editor.default\">\n\t\t\t\t<div class=\"elementor-widget-container\">\n\t\t\t\t\t\t\t\t\t<div class=\"_df_book df-lite\" id=\"df_8279\"  _slug=\"listado-cofradia-2026\" data-title=\"listado-cofradia-2026\" wpoptions=\"true\" thumb=\"https:\/\/miradyved.org\/wp-content\/uploads\/2025\/09\/11.jpg\" thumbtype=\"\" ><\/div><script class=\"df-shortcode-script\" nowprocket type=\"application\/javascript\">window.option_df_8279 = {\"outline\":[],\"autoEnableOutline\":\"false\",\"autoEnableThumbnail\":\"false\",\"overwritePDFOutline\":\"false\",\"direction\":\"1\",\"pageSize\":\"0\",\"source\":\"https:\\\/\\\/miradyved.org\\\/wp-content\\\/uploads\\\/2026\\\/03\\\/260324_LISTADO-VS_LOPD-1.pdf\",\"wpOptions\":\"true\"}; if(window.DFLIP && window.DFLIP.parseBooks){window.DFLIP.parseBooks();}<\/script>\t\t\t\t\t\t\t\t<\/div>\n\t\t\t\t<\/div>\n\t\t\t\t\t<\/div>\n\t\t\t\t<\/div>\n\t\t<div class=\"elementor-element elementor-element-bc6afb6 e-flex e-con-boxed e-con e-parent\" data-id=\"bc6afb6\" data-element_type=\"container\" data-e-type=\"container\">\n\t\t\t\t\t<div class=\"e-con-inner\">\n\t\t\t\t<div class=\"elementor-element elementor-element-c1d03fb elementor-widget elementor-widget-text-editor\" data-id=\"c1d03fb\" data-element_type=\"widget\" data-e-type=\"widget\" data-widget_type=\"text-editor.default\">\n\t\t\t\t<div class=\"elementor-widget-container\">\n\t\t\t\t\t\t\t\t\t<p>Si detectas alg\u00fan error puede comunicarlo a la Diputaci\u00f3n Mayor de Gobierno, en el correo cofradia@miradyved.org o el tel\u00e9fono 657859134<\/p>\t\t\t\t\t\t\t\t<\/div>\n\t\t\t\t<\/div>\n\t\t\t\t\t<\/div>\n\t\t\t\t<\/div>\n\t\t\t\t<\/div>\n\t\t","protected":false},"excerpt":{"rendered":"<p>Consulta aqu\u00ed tu puesto en la cofrad\u00eda Si detectas alg\u00fan error puede comunicarlo a la Diputaci\u00f3n Mayor de Gobierno, en el correo cofradia@miradyved.org o el tel\u00e9fono 657859134<\/p>\n","protected":false},"author":4,"featured_media":0,"parent":0,"menu_order":0,"comment_status":"closed","ping_status":"closed","template":"","meta":{"footnotes":""},"class_list":["post-8179","page","type-page","status-publish","hentry"],"_links":{"self":[{"href":"https:\/\/miradyved.org\/index.php\/wp-json\/wp\/v2\/pages\/8179","targetHints":{"allow":["GET"]}}],"collection":[{"href":"https:\/\/miradyved.org\/index.php\/wp-json\/wp\/v2\/pages"}],"about":[{"href":"https:\/\/miradyved.org\/index.php\/wp-json\/wp\/v2\/types\/page"}],"author":[{"embeddable":true,"href":"https:\/\/miradyved.org\/index.php\/wp-json\/wp\/v2\/users\/4"}],"replies":[{"embeddable":true,"href":"https:\/\/miradyved.org\/index.php\/wp-json\/wp\/v2\/comments?post=8179"}],"version-history":[{"count":36,"href":"https:\/\/miradyved.org\/index.php\/wp-json\/wp\/v2\/pages\/8179\/revisions"}],"predecessor-version":[{"id":8296,"href":"https:\/\/miradyved.org\/index.php\/wp-json\/wp\/v2\/pages\/8179\/revisions\/8296"}],"wp:attachment":[{"href":"https:\/\/miradyved.org\/index.php\/wp-json\/wp\/v2\/media?parent=8179"}],"curies":[{"name":"wp","href":"https:\/\/api.w.org\/{rel}","templated":true}]}}